{"id":517,"date":"2026-04-27T13:10:56","date_gmt":"2026-04-27T13:10:56","guid":{"rendered":"https:\/\/www.nasdecin.cz\/?page_id=517"},"modified":"2026-04-27T17:12:47","modified_gmt":"2026-04-27T17:12:47","slug":"pojdme-se-potkat-nad-tematy-ktera-vas-zajimaji","status":"publish","type":"page","link":"https:\/\/www.nasdecin.cz\/?page_id=517","title":{"rendered":"Poj\u010fme se potkat nad t\u00e9maty, kter\u00e1 v\u00e1s zaj\u00edmaj\u00ed"},"content":{"rendered":"<div class=\"wp-block-image\">\n<figure class=\"aligncenter size-large is-resized\"><img loading=\"lazy\" decoding=\"async\" width=\"692\" height=\"1024\" src=\"http:\/\/www.nasdecin.cz\/wp-content\/uploads\/2026\/04\/uvodni-foto-1-692x1024.jpg\" alt=\"\" class=\"wp-image-522\" style=\"width:500px\" srcset=\"https:\/\/www.nasdecin.cz\/wp-content\/uploads\/2026\/04\/uvodni-foto-1-692x1024.jpg 692w, https:\/\/www.nasdecin.cz\/wp-content\/uploads\/2026\/04\/uvodni-foto-1-203x300.jpg 203w, https:\/\/www.nasdecin.cz\/wp-content\/uploads\/2026\/04\/uvodni-foto-1-768x1137.jpg 768w, https:\/\/www.nasdecin.cz\/wp-content\/uploads\/2026\/04\/uvodni-foto-1-1038x1536.jpg 1038w, https:\/\/www.nasdecin.cz\/wp-content\/uploads\/2026\/04\/uvodni-foto-1.jpg 1081w\" sizes=\"auto, (max-width: 692px) 100vw, 692px\" \/><\/figure>\n<\/div>\n\n\n<p><strong>Chceme b\u00fdt v\u00edc v kontaktu s v\u00e1mi \u2013 ne jen online nebo z kancel\u00e1\u0159e, ale p\u0159\u00edmo tam, kde \u017eijete. Proto chyst\u00e1me s\u00e9rii pravideln\u00fdch setk\u00e1n\u00ed v r\u016fzn\u00fdch \u010d\u00e1stech m\u011bsta. Bez formalit, bez slo\u017eit\u00fdch prezentac\u00ed. Jen otev\u0159en\u00e1 debata o tom, co v\u00e1s tr\u00e1p\u00ed, co byste cht\u011bli zlep\u0161it a jak\u00e9 m\u00e1te n\u00e1pady na to, aby se n\u00e1m v D\u011b\u010d\u00edn\u011b \u017eilo l\u00e9pe.<\/strong><\/p>\n\n\n\n<p>P\u0159ij\u010fte si popov\u00eddat, zeptat se, \u0159\u00edct sv\u016fj n\u00e1zor nebo si jen poslechnout, co se chyst\u00e1. Ka\u017ed\u00e9 setk\u00e1n\u00ed bude trochu jin\u00e9 \u2013 podle m\u00edsta i t\u00e9matu.<\/p>\n\n\n\n<p><strong>Prvn\u00ed setk\u00e1n\u00ed: pond\u011bl\u00ed 4. kv\u011btna od 17 hodin<\/strong><strong><br><\/strong> Sejdeme se \u201eU Rogala\u201c na Smetanov\u011b n\u00e1b\u0159e\u017e\u00ed. Ond\u0159ej Sm\u00ed\u0161ek otev\u0159e t\u00e9ma zm\u011bn v doprav\u011b. Nez\u016fstane ale jen u pov\u00edd\u00e1n\u00ed \u2013 spole\u010dn\u011b se projedeme po cyklostezk\u00e1ch a uk\u00e1\u017eeme si konkr\u00e9tn\u00ed m\u00edsta, kde vid\u00edme prostor pro zlep\u0161en\u00ed. P\u0159ij\u010fte se zapojit do diskuze p\u0159\u00edmo v ter\u00e9nu.<\/p>\n\n\n\n<p><strong>P\u00e1tek 15. kv\u011btna od 16 hodin \u2013 Prosecco bar<\/strong><strong><br><\/strong> Tentokr\u00e1t se zam\u011b\u0159\u00edme na to, co v\u0161echno ovliv\u0148uje kvalitu \u017eivota ve m\u011bst\u011b. Jak by m\u011bl D\u011b\u010d\u00edn vypadat, aby se tu dob\u0159e \u017eilo? Co zm\u011bnit, co zachovat a co posunout d\u00e1l? Diskutovat s v\u00e1mi budou Jakub Hou\u0161ka, Martin Vo\u0161ta a Mirka Posko\u010dilov\u00e1.<\/p>\n\n\n\n<p><strong>St\u0159eda 20. kv\u011btna od 18 hodin \u2013 \u017div\u00e1 K\u0159\u00ed\u017eovka<\/strong><strong><br><\/strong> P\u0159ij\u010fte za n\u00e1mi do K\u0159\u00ed\u017eovky na pohodov\u00e9 setk\u00e1n\u00ed v p\u0159\u00e1telsk\u00e9 atmosf\u00e9\u0159e. Bez sp\u011bchu, bez programu na minuty \u2013 prostor bude hlavn\u011b pro va\u0161e ot\u00e1zky, podn\u011bty a n\u00e1pady.<\/p>\n\n\n\n<p><strong>P\u00e1tek 5. \u010dervna od 16 hodin \u2013 B\u011bl\u00e1, restaurace Na Rybn\u00ed\u010dku<\/strong><\/p>\n\n\n\n<p>Tentokr\u00e1t se potk\u00e1me v B\u011bl\u00e9 v restauraci Na Rybn\u00ed\u010dku. I tady chceme otev\u0159\u00edt t\u00e9mata, kter\u00e1 se v\u00e1s p\u0159\u00edmo dot\u00fdkaj\u00ed \u2013 od ka\u017edodenn\u00edch probl\u00e9m\u016f a\u017e po dlouhodob\u00e9 pl\u00e1ny pro tuto \u010d\u00e1st m\u011bsta.<\/p>\n\n\n\n<p>P\u0159ij\u010fte si s n\u00e1mi popov\u00eddat, sd\u00edlet sv\u00e9 zku\u0161enosti, n\u00e1pady i p\u0159ipom\u00ednky. Zaj\u00edm\u00e1 n\u00e1s, co funguje, co naopak ne a co byste cht\u011bli zm\u011bnit.<\/p>\n\n\n\n<p>T\u011b\u0161\u00edme se na otev\u0159enou diskuzi a setk\u00e1n\u00ed s v\u00e1mi<\/p>\n","protected":false},"excerpt":{"rendered":"<p>Chceme b\u00fdt v\u00edc v kontaktu s v\u00e1mi \u2013 ne jen online nebo z kancel\u00e1\u0159e, ale p\u0159\u00edmo tam, kde \u017eijete. Proto chyst\u00e1me s\u00e9rii pravideln\u00fdch setk\u00e1n\u00ed v r\u016fzn\u00fdch \u010d\u00e1stech m\u011bsta. Bez formalit, bez slo\u017eit\u00fdch prezentac\u00ed. Jen otev\u0159en\u00e1 debata o tom, co v\u00e1s tr\u00e1p\u00ed, co byste cht\u011bli zlep\u0161it a jak\u00e9 m\u00e1te n\u00e1pady na to, aby se n\u00e1m v &hellip; <\/p>\n<p class=\"link-more\"><a href=\"https:\/\/www.nasdecin.cz\/?page_id=517\" class=\"more-link\">Pokra\u010dovat ve \u010dten\u00ed<span class=\"screen-reader-text\"> &#8222;Poj\u010fme se potkat nad t\u00e9maty, kter\u00e1 v\u00e1s zaj\u00edmaj\u00ed&#8220;<\/span><\/a><\/p>\n","protected":false},"author":1,"featured_media":0,"parent":0,"menu_order":0,"comment_status":"closed","ping_status":"closed","template":"","meta":{"_bbp_topic_count":0,"_bbp_reply_count":0,"_bbp_total_topic_count":0,"_bbp_total_reply_count":0,"_bbp_voice_count":0,"_bbp_anonymous_reply_count":0,"_bbp_topic_count_hidden":0,"_bbp_reply_count_hidden":0,"_bbp_forum_subforum_count":0,"footnotes":""},"class_list":["post-517","page","type-page","status-publish","hentry"],"_links":{"self":[{"href":"https:\/\/www.nasdecin.cz\/index.php?rest_route=\/wp\/v2\/pages\/517","targetHints":{"allow":["GET"]}}],"collection":[{"href":"https:\/\/www.nasdecin.cz\/index.php?rest_route=\/wp\/v2\/pages"}],"about":[{"href":"https:\/\/www.nasdecin.cz\/index.php?rest_route=\/wp\/v2\/types\/page"}],"author":[{"embeddable":true,"href":"https:\/\/www.nasdecin.cz\/index.php?rest_route=\/wp\/v2\/users\/1"}],"replies":[{"embeddable":true,"href":"https:\/\/www.nasdecin.cz\/index.php?rest_route=%2Fwp%2Fv2%2Fcomments&post=517"}],"version-history":[{"count":3,"href":"https:\/\/www.nasdecin.cz\/index.php?rest_route=\/wp\/v2\/pages\/517\/revisions"}],"predecessor-version":[{"id":564,"href":"https:\/\/www.nasdecin.cz\/index.php?rest_route=\/wp\/v2\/pages\/517\/revisions\/564"}],"wp:attachment":[{"href":"https:\/\/www.nasdecin.cz\/index.php?rest_route=%2Fwp%2Fv2%2Fmedia&parent=517"}],"curies":[{"name":"wp","href":"https:\/\/api.w.org\/{rel}","templated":true}]}}

Pojďme se potkat nad tématy, která vás zajímají

<div class="wp-block-image">
<figure class="aligncenter size-large is-resized"><img loading="lazy" decoding="async" width="692" height="1024" src="http://www.nasdecin.cz/wp-content/uploads/2026/04/uvodni-foto-1-692x1024.jpg" alt="" class="wp-image-522" style="width:500px" srcset="https://www.nasdecin.cz/wp-content/uploads/2026/04/uvodni-foto-1-692x1024.jpg 692w, https://www.nasdecin.cz/wp-content/uploads/2026/04/uvodni-foto-1-203x300.jpg 203w, https://www.nasdecin.cz/wp-content/uploads/2026/04/uvodni-foto-1-768x1137.jpg 768w, https://www.nasdecin.cz/wp-content/uploads/2026/04/uvodni-foto-1-1038x1536.jpg 1038w, https://www.nasdecin.cz/wp-content/uploads/2026/04/uvodni-foto-1.jpg 1081w" sizes="auto, (max-width: 692px) 100vw, 692px" /></figure>
</div>


<p><strong>Chceme být víc v kontaktu s vámi – ne jen online nebo z kanceláře, ale přímo tam, kde žijete. Proto chystáme sérii pravidelných setkání v různých částech města. Bez formalit, bez složitých prezentací. Jen otevřená debata o tom, co vás trápí, co byste chtěli zlepšit a jaké máte nápady na to, aby se nám v Děčíně žilo lépe.</strong></p>



<p>Přijďte si popovídat, zeptat se, říct svůj názor nebo si jen poslechnout, co se chystá. Každé setkání bude trochu jiné – podle místa i tématu.</p>



<p><strong>První setkání: pondělí 4. května od 17 hodin</strong><strong><br></strong> Sejdeme se „U Rogala“ na Smetanově nábřeží. Ondřej Smíšek otevře téma změn v dopravě. Nezůstane ale jen u povídání – společně se projedeme po cyklostezkách a ukážeme si konkrétní místa, kde vidíme prostor pro zlepšení. Přijďte se zapojit do diskuze přímo v terénu.</p>



<p><strong>Pátek 15. května od 16 hodin – Prosecco bar</strong><strong><br></strong> Tentokrát se zaměříme na to, co všechno ovlivňuje kvalitu života ve městě. Jak by měl Děčín vypadat, aby se tu dobře žilo? Co změnit, co zachovat a co posunout dál? Diskutovat s vámi budou Jakub Houška, Martin Vošta a Mirka Poskočilová.</p>



<p><strong>Středa 20. května od 18 hodin – Živá Křížovka</strong><strong><br></strong> Přijďte za námi do Křížovky na pohodové setkání v přátelské atmosféře. Bez spěchu, bez programu na minuty – prostor bude hlavně pro vaše otázky, podněty a nápady.</p>



<p><strong>Pátek 5. června od 16 hodin – Bělá, restaurace Na Rybníčku</strong></p>



<p>Tentokrát se potkáme v Bělé v restauraci Na Rybníčku. I tady chceme otevřít témata, která se vás přímo dotýkají – od každodenních problémů až po dlouhodobé plány pro tuto část města.</p>



<p>Přijďte si s námi popovídat, sdílet své zkušenosti, nápady i připomínky. Zajímá nás, co funguje, co naopak ne a co byste chtěli změnit.</p>



<p>Těšíme se na otevřenou diskuzi a setkání s vámi</p>

<p>Chceme být víc v kontaktu s vámi – ne jen online nebo z kanceláře, ale přímo tam, kde žijete. Proto chystáme sérii pravidelných setkání v různých částech města. Bez formalit, bez složitých prezentací. Jen otevřená debata o tom, co vás trápí, co byste chtěli zlepšit a jaké máte nápady na to, aby se nám v &hellip; </p>
<p class="link-more"><a href="https://www.nasdecin.cz/?page_id=517" class="more-link">Pokračovat ve čtení<span class="screen-reader-text"> &#8222;Pojďme se potkat nad tématy, která vás zajímají&#8220;</span></a></p>
