{"id":510,"date":"2026-04-17T16:12:42","date_gmt":"2026-04-17T16:12:42","guid":{"rendered":"https:\/\/www.nasdecin.cz\/?page_id=510"},"modified":"2026-04-17T16:12:42","modified_gmt":"2026-04-17T16:12:42","slug":"mesto-navysuje-podporu-sportu-presto-je-potreba-pridat","status":"publish","type":"page","link":"https:\/\/www.nasdecin.cz\/?page_id=510","title":{"rendered":"M\u011bsto navy\u0161uje podporu sportu, p\u0159esto je pot\u0159eba p\u0159idat"},"content":{"rendered":"<div class=\"wp-block-image\">\n<figure class=\"alignleft size-full is-resized\"><img loading=\"lazy\" decoding=\"async\" width=\"477\" height=\"848\" src=\"https:\/\/www.nasdecin.cz\/wp-content\/uploads\/2026\/04\/876235db-fbcb-48d0-aabd-940272d5ef46-1.jpg\" alt=\"\" class=\"wp-image-512\" style=\"width:125px\" srcset=\"https:\/\/www.nasdecin.cz\/wp-content\/uploads\/2026\/04\/876235db-fbcb-48d0-aabd-940272d5ef46-1.jpg 477w, https:\/\/www.nasdecin.cz\/wp-content\/uploads\/2026\/04\/876235db-fbcb-48d0-aabd-940272d5ef46-1-169x300.jpg 169w\" sizes=\"auto, (max-width: 477px) 100vw, 477px\" \/><\/figure>\n<\/div>\n\n\n<p><strong>Diskuse o hokeji znovu otev\u0159ela t\u00e9ma financov\u00e1n\u00ed sportu v D\u011b\u010d\u00edn\u011b. M\u011bsto v posledn\u00edch letech rozpo\u010det pravideln\u011b navy\u0161uje a podporuje jak d\u011bti, tak sportovn\u00ed kluby i nov\u00e9 projekty. Rostouc\u00ed n\u00e1klady a \u0161ir\u0161\u00ed podpora ale ukazuj\u00ed, \u017ee sou\u010dasn\u00e1 \u010d\u00e1stka st\u00e1le nesta\u010d\u00ed a do budoucna bude pot\u0159eba investice je\u0161t\u011b zv\u00fd\u0161it.<\/strong><\/p>\n\n\n\n<p>Asi jste v\u0161ichni zaznamenali pom\u011brn\u011b vzru\u0161enou debatu o podpo\u0159e hokeje a o tom, \u017ee m\u011bsto ned\u011bl\u00e1 nic apod. I proto jsem se vydal vyslechnout kluky z hokeje \u2013 a byla to velmi zaj\u00edmav\u00e1 debata.<\/p>\n\n\n\n<p>Jejich celkovou my\u0161lenku ch\u00e1pu, ale nem\u016f\u017eu se ztoto\u017enit s ukazov\u00e1n\u00edm \u201e\u017eebraj\u00edc\u00edch\u201c d\u011bt\u00ed a dal\u0161\u00edch stra\u0161idelnost\u00ed&#8230; To mi p\u0159ijde za hranou. S \u010d\u00edm ale souhlas\u00edm, je fakt, \u017ee do sportu v D\u011b\u010d\u00edn\u011b jde st\u00e1le m\u00e1lo pen\u011bz \u2013 a tak to prost\u011b je.<\/p>\n\n\n\n<p>I p\u0159esto, \u017ee se n\u00e1m za posledn\u00ed t\u0159i roky poda\u0159ilo nav\u00fd\u0161it finance o 8 milion\u016f korun, a to p\u0159edev\u0161\u00edm d\u00edky mimo\u0159\u00e1dn\u00e9 dotaci 5 milion\u016f v roce 2023, kterou se mi poda\u0159ilo prosadit (v t\u00e9 dob\u011b \u0161lo do sportu pouh\u00fdch 13 milion\u016f), je to ve srovn\u00e1n\u00ed s jin\u00fdmi m\u011bsty st\u00e1le m\u00e1lo. M\u00e1me nastaven\u00e9 postupn\u00e9 navy\u0161ov\u00e1n\u00ed, ale c\u00edt\u00edm, \u017ee vzhledem k inflaci a navy\u0161ov\u00e1n\u00ed n\u00e1klad\u016f jsou tyto kroky nedostate\u010dn\u00e9. Sna\u017eil jsem se do rozpo\u010dtu dostat v\u00edce, ale nem\u011bl jsem pro to dostate\u010dnou podporu.<\/p>\n\n\n\n<p>D\u011b\u010d\u00edn je slo\u017eit\u00e9 a velk\u00e9 m\u011bsto, kde je pot\u0159eba financovat spoustu oblast\u00ed \u2013 kino, divadlo, zoo, z\u00e1mek, DPMD, \u0161koly, \u0161kolky, silnice, chodn\u00edky, mosty\u2026 To v\u0161echno stoj\u00ed des\u00edtky milion\u016f korun.<\/p>\n\n\n\n<p>To nen\u00ed omluva, to je fakt. Ale p\u0159id\u00e1m i konkr\u00e9tn\u00ed \u010d\u00edsla:<\/p>\n\n\n\n<p>Kdy\u017e nebudu po\u010d\u00edtat mimo\u0159\u00e1dnou dotaci v roce 2023 ve v\u00fd\u0161i 5 milion\u016f korun, tak jsme posledn\u00ed t\u0159i roky navy\u0161ovali rozpo\u010det na sport v\u017edy o 1 milion korun ro\u010dn\u011b. Nyn\u00ed jsme na \u010d\u00e1stce 21 milion\u016f a sport byl vlastn\u011b jedinou oblast\u00ed, kde se rozpo\u010det pravideln\u011b navy\u0161oval. Pro\u010d? Proto\u017ee j\u00e1 i Martin Po\u0161ta v\u00edme, \u017ee je to pot\u0159eba.<\/p>\n\n\n\n<p>Mo\u017en\u00e1 se li\u0161\u00edme v pohledu na tempo \u2013 mysl\u00edm si, \u017ee i kv\u016fli inflaci a rostouc\u00edm n\u00e1klad\u016fm by m\u011blo b\u00fdt navy\u0161ov\u00e1n\u00ed rychlej\u0161\u00ed. Ale byly i roky, kdy se nenavy\u0161ovalo v\u016fbec.<\/p>\n\n\n\n<p>Za posledn\u00ed roky jsme spustili projekt Tren\u00e9\u0159i do \u0161kol. Ten n\u00e1m ukroj\u00ed z dotac\u00ed zhruba 650 tis\u00edc korun. Nen\u00ed to m\u00e1lo, ale bez debat jde o smyslupln\u00fd program, kter\u00fd m\u016f\u017ee pomoci v\u0161em sportovn\u00edm klub\u016fm a hlavn\u011b d\u011btem.<\/p>\n\n\n\n<p>Tane\u010dn\u00ed spolky jsme sjednotili a za\u0159adili do sportovn\u00edch dotac\u00ed. P\u0159edev\u0161\u00edm jsme t\u00edm ocenili jejich pr\u00e1ci s d\u011btmi, proto\u017ee do t\u00e9 doby dost\u00e1valy t\u00e9m\u011b\u0159 nic. Nyn\u00ed jde zhruba o dal\u0161\u00edch 700 tis\u00edc korun.<\/p>\n\n\n\n<p>Do sportovn\u00edch dotac\u00ed nov\u011b p\u0159ibyl i florbal, kter\u00fd byl dlouhodob\u011b pod DDM a nyn\u00ed se osamostatnil. Letos byl nav\u00edc za\u0159azen mezi medi\u00e1ln\u00ed sporty, co\u017e p\u0159edstavuje p\u0159ibli\u017en\u011b 1 milion korun.<\/p>\n\n\n\n<p>Zvy\u0161uje se tak\u00e9 po\u010det \u017eadatel\u016f \u2013 a to je p\u0159ece dob\u0159e.<\/p>\n\n\n\n<p>V\u0161echny tyto zm\u011bny jsou spr\u00e1vn\u011b. Ale co se stalo? Za t\u0159i roky jsme p\u0159idali do sportu 3 miliony, jen\u017ee tyto pen\u00edze se v podstat\u011b \u201erozpustily\u201c v nov\u00fdch v\u00fddaj\u00edch. Proto si mysl\u00edm, \u017ee jsme m\u011bli p\u0159idat v\u00edc \u2013 a za t\u00edm si stoj\u00edm.<\/p>\n\n\n\n<p>Jako m\u011bsto podporujeme sportovi\u0161t\u011b, sportov\u00e1n\u00ed d\u011bt\u00ed i profesion\u00e1ln\u00ed sport, kter\u00fd je p\u0159edev\u0161\u00edm z\u00e1bavou pro lidi \u2013 stejn\u011b jako divadlo nebo kino. V\u00edte, kolik n\u00e1s stoj\u00ed divadlo s kinem? P\u0159ibli\u017en\u011b 20 milion\u016f korun ro\u010dn\u011b. A do cel\u00e9ho sportu d\u00e1v\u00e1me 21 milion\u016f.<\/p>\n\n\n\n<p>Nikdy bych nerozporoval, kolik pen\u011bz m\u00e1 j\u00edt do kter\u00e9 oblasti. Divadlo je pln\u00e9, basketbalov\u00e1 hala je pln\u00e1, hokej se sna\u017e\u00ed, fotbal tak\u00e9. Florbal dokonce nem\u00e1 halu a roste &#8211; to je zase jin\u00e1 kapitola. Bez podpory divadla, kina, zoo, z\u00e1mku a dal\u0161\u00edch v\u011bc\u00ed by tyto aktivity v\u016fbec nebyly \u2013 stejn\u011b jako by nebyl sport, na kter\u00fd si lid\u00e9 chod\u00ed odpo\u010dinout, pobavit a odreagovat.<\/p>\n\n\n\n<p>Ano, jsem z basketu, ale kdo m\u011b zn\u00e1, v\u00ed, \u017ee v\u017edy lobbuji za cel\u00fd sport. Mysl\u00edm, \u017ee je to vid\u011bt i na nastaven\u00ed dotac\u00ed a i na tom, \u017ee tu bojuju o novou t\u011blocvi\u010dnu, do kter\u00e9 se basket nejsp\u00ed\u0161 v\u016fbec nedostane&#8230; Kdy\u017e se program tvo\u0159il, sed\u011bli u toho i z\u00e1stupci hokeje, prob\u00edrali se v\u0161echno podstatn\u00e9 \u2013 v\u010detn\u011b rozd\u011blen\u00ed pen\u011bz v medi\u00e1ln\u00edch sportech.<\/p>\n\n\n\n<p>Rozd\u011blen\u00ed dotac\u00ed u n\u00e1s ve m\u011bst\u011b nem\u016f\u017ee nikdo p\u0159\u00edmo ovlivnit \u2013 a to je na tom to dobr\u00e9. Ani j\u00e1, ani Martin Po\u0161ta, ani Robert Landa, ani pan prim\u00e1tor. Ovlivnit m\u016f\u017eeme pouze celkovou \u010d\u00e1stku. A tady d\u00e1v\u00e1m hokeji za pravdu \u2013 ta \u010d\u00e1stka je st\u00e1le n\u00edzk\u00e1. Tak\u017ee ano, chceme 25mil do sportu, ale co nejd\u0159\u00edve!<\/p>\n\n\n\n<p>Pokud chce n\u011bkdo n\u011bco zm\u011bnit, mus\u00ed p\u0159ij\u00edt a jednat. Stejn\u011b jako jsem j\u00e1 p\u0159i\u0161el na zim\u00e1k. V\u011b\u0159\u00edm, \u017ee se m\u016f\u017eeme potkat kdekoliv a \u0159\u00edct si otev\u0159en\u011b, co jde a co nejde. Medi\u00e1ln\u00ed v\u00fdstupy jsou jedna v\u011bc, ale skute\u010dn\u00e9 jedn\u00e1n\u00ed je to nejd\u016fle\u017eit\u011bj\u0161\u00ed.<\/p>\n\n\n\n<p>A na z\u00e1v\u011br \u2013 to, co tady znovu rozj\u00ed\u017ed\u00ed pan Zdobinsk\u00fd, kter\u00fd za 8 let m\u00e9ho p\u016fsoben\u00ed v zastupitelstvu pro sport v D\u011b\u010d\u00edn\u011b neud\u011blal v\u016fbec nic, nem\u00e1 cenu komentovat. Jak s\u00e1m \u0159\u00edk\u00e1 \u2013 nel\u017ee, jen nemluv\u00ed pravdu a to se mu st\u00e1v\u00e1 \u010d\u00edm d\u00e1l \u010dast\u011bji!<\/p>\n\n\n\n<p>Jakub Hou\u0161ka<\/p>\n","protected":false},"excerpt":{"rendered":"<p>Diskuse o hokeji znovu otev\u0159ela t\u00e9ma financov\u00e1n\u00ed sportu v D\u011b\u010d\u00edn\u011b. M\u011bsto v posledn\u00edch letech rozpo\u010det pravideln\u011b navy\u0161uje a podporuje jak d\u011bti, tak sportovn\u00ed kluby i nov\u00e9 projekty. Rostouc\u00ed n\u00e1klady a \u0161ir\u0161\u00ed podpora ale ukazuj\u00ed, \u017ee sou\u010dasn\u00e1 \u010d\u00e1stka st\u00e1le nesta\u010d\u00ed a do budoucna bude pot\u0159eba investice je\u0161t\u011b zv\u00fd\u0161it. Asi jste v\u0161ichni zaznamenali pom\u011brn\u011b vzru\u0161enou debatu o &hellip; <\/p>\n<p class=\"link-more\"><a href=\"https:\/\/www.nasdecin.cz\/?page_id=510\" class=\"more-link\">Pokra\u010dovat ve \u010dten\u00ed<span class=\"screen-reader-text\"> &#8222;M\u011bsto navy\u0161uje podporu sportu, p\u0159esto je pot\u0159eba p\u0159idat&#8220;<\/span><\/a><\/p>\n","protected":false},"author":1,"featured_media":0,"parent":0,"menu_order":0,"comment_status":"closed","ping_status":"closed","template":"","meta":{"footnotes":""},"class_list":["post-510","page","type-page","status-publish","hentry"],"_links":{"self":[{"href":"https:\/\/www.nasdecin.cz\/index.php?rest_route=\/wp\/v2\/pages\/510","targetHints":{"allow":["GET"]}}],"collection":[{"href":"https:\/\/www.nasdecin.cz\/index.php?rest_route=\/wp\/v2\/pages"}],"about":[{"href":"https:\/\/www.nasdecin.cz\/index.php?rest_route=\/wp\/v2\/types\/page"}],"author":[{"embeddable":true,"href":"https:\/\/www.nasdecin.cz\/index.php?rest_route=\/wp\/v2\/users\/1"}],"replies":[{"embeddable":true,"href":"https:\/\/www.nasdecin.cz\/index.php?rest_route=%2Fwp%2Fv2%2Fcomments&post=510"}],"version-history":[{"count":1,"href":"https:\/\/www.nasdecin.cz\/index.php?rest_route=\/wp\/v2\/pages\/510\/revisions"}],"predecessor-version":[{"id":513,"href":"https:\/\/www.nasdecin.cz\/index.php?rest_route=\/wp\/v2\/pages\/510\/revisions\/513"}],"wp:attachment":[{"href":"https:\/\/www.nasdecin.cz\/index.php?rest_route=%2Fwp%2Fv2%2Fmedia&parent=510"}],"curies":[{"name":"wp","href":"https:\/\/api.w.org\/{rel}","templated":true}]}}