{"id":298,"date":"2022-09-17T17:07:19","date_gmt":"2022-09-17T17:07:19","guid":{"rendered":"https:\/\/www.nasdecin.cz\/?page_id=298"},"modified":"2022-09-17T17:09:23","modified_gmt":"2022-09-17T17:09:23","slug":"ing-jiri-zeisek","status":"publish","type":"page","link":"https:\/\/www.nasdecin.cz\/?page_id=298","title":{"rendered":"Ing. Ji\u0159\u00ed Zeisek"},"content":{"rendered":"\n<figure class=\"wp-block-image size-full is-resized\"><img loading=\"lazy\" decoding=\"async\" src=\"https:\/\/www.nasdecin.cz\/wp-content\/uploads\/2022\/09\/m-IMG_6234.jpg\" alt=\"\" class=\"wp-image-281\" width=\"341\" height=\"500\" srcset=\"https:\/\/www.nasdecin.cz\/wp-content\/uploads\/2022\/09\/m-IMG_6234.jpg 682w, https:\/\/www.nasdecin.cz\/wp-content\/uploads\/2022\/09\/m-IMG_6234-205x300.jpg 205w\" sizes=\"auto, (max-width: 341px) 100vw, 341px\" \/><figcaption>Ji\u0159\u00ed Zeisek<\/figcaption><\/figure>\n\n\n\n<p>Absolvent \u010cesk\u00e9ho vysok\u00e9ho u\u010den\u00ed technick\u00e9ho v Praze Fakulty dopravn\u00ed, pracovi\u0161t\u011b D\u011b\u010d\u00edn se zam\u011b\u0159en\u00edm na dopravu a logistiku. Po ukon\u010den\u00ed studia z\u016fstal pracovat na d\u011b\u010d\u00ednsk\u00e9m pracovi\u0161ti \u010cVUT, Fakult dopravn\u00ed jako projektov\u00fd mana\u017eer. V&nbsp;sou\u010dasn\u00e9 dob\u011b se v\u011bnuje projekt\u016fm na rozvoj m\u011bst v&nbsp;na\u0161em okrese a projektu zab\u00fdvaj\u00edc\u00edm se zlep\u0161en\u00ed dopravn\u00ed obslu\u017enosti N\u00e1rodn\u00edho parku \u010cesk\u00e9 \u0160v\u00fdcarsko. Projekt je spoluprac\u00ed d\u011b\u010d\u00ednsk\u00e9 fakulty a Technick\u00e9 univerzity v&nbsp;Dr\u00e1\u017e\u010fanech a m\u011bl by pomoci s&nbsp;rozvojem a obnovou parku po rozs\u00e1hl\u00e9m po\u017e\u00e1ru.&nbsp;<\/p>\n\n\n\n<p>Je nad\u0161en\u00fdm cyklistou, kter\u00fd se nevyh\u00fdb\u00e1 silnic\u00edm ani trail\u016fm.<\/p>\n\n\n\n<figure class=\"wp-block-gallery has-nested-images columns-default is-cropped wp-block-gallery-1 is-layout-flex wp-block-gallery-is-layout-flex\">\n<figure class=\"wp-block-image size-large\"><img loading=\"lazy\" decoding=\"async\" width=\"576\" height=\"1024\" data-id=\"299\" src=\"https:\/\/www.nasdecin.cz\/wp-content\/uploads\/2022\/09\/image0-576x1024.jpeg\" alt=\"\" class=\"wp-image-299\" srcset=\"https:\/\/www.nasdecin.cz\/wp-content\/uploads\/2022\/09\/image0-576x1024.jpeg 576w, https:\/\/www.nasdecin.cz\/wp-content\/uploads\/2022\/09\/image0-169x300.jpeg 169w, https:\/\/www.nasdecin.cz\/wp-content\/uploads\/2022\/09\/image0-768x1365.jpeg 768w, https:\/\/www.nasdecin.cz\/wp-content\/uploads\/2022\/09\/image0-864x1536.jpeg 864w, https:\/\/www.nasdecin.cz\/wp-content\/uploads\/2022\/09\/image0.jpeg 869w\" sizes=\"auto, (max-width: 576px) 100vw, 576px\" \/><\/figure>\n\n\n\n<figure class=\"wp-block-image size-large\"><img loading=\"lazy\" decoding=\"async\" width=\"576\" height=\"1024\" data-id=\"301\" src=\"https:\/\/www.nasdecin.cz\/wp-content\/uploads\/2022\/09\/image1-576x1024.jpeg\" alt=\"\" class=\"wp-image-301\" srcset=\"https:\/\/www.nasdecin.cz\/wp-content\/uploads\/2022\/09\/image1-576x1024.jpeg 576w, https:\/\/www.nasdecin.cz\/wp-content\/uploads\/2022\/09\/image1-169x300.jpeg 169w, https:\/\/www.nasdecin.cz\/wp-content\/uploads\/2022\/09\/image1-768x1365.jpeg 768w, https:\/\/www.nasdecin.cz\/wp-content\/uploads\/2022\/09\/image1-864x1536.jpeg 864w, https:\/\/www.nasdecin.cz\/wp-content\/uploads\/2022\/09\/image1.jpeg 1134w\" sizes=\"auto, (max-width: 576px) 100vw, 576px\" \/><\/figure>\n\n\n\n<figure class=\"wp-block-image size-large\"><img loading=\"lazy\" decoding=\"async\" width=\"576\" height=\"1024\" data-id=\"300\" src=\"https:\/\/www.nasdecin.cz\/wp-content\/uploads\/2022\/09\/image2-576x1024.jpeg\" alt=\"\" class=\"wp-image-300\" srcset=\"https:\/\/www.nasdecin.cz\/wp-content\/uploads\/2022\/09\/image2-576x1024.jpeg 576w, https:\/\/www.nasdecin.cz\/wp-content\/uploads\/2022\/09\/image2-169x300.jpeg 169w, https:\/\/www.nasdecin.cz\/wp-content\/uploads\/2022\/09\/image2-768x1365.jpeg 768w, https:\/\/www.nasdecin.cz\/wp-content\/uploads\/2022\/09\/image2-864x1536.jpeg 864w, https:\/\/www.nasdecin.cz\/wp-content\/uploads\/2022\/09\/image2.jpeg 1134w\" sizes=\"auto, (max-width: 576px) 100vw, 576px\" \/><\/figure>\n\n\n\n<figure class=\"wp-block-image size-large\"><img loading=\"lazy\" decoding=\"async\" width=\"1024\" height=\"683\" data-id=\"302\" src=\"https:\/\/www.nasdecin.cz\/wp-content\/uploads\/2022\/09\/image3-1024x683.jpeg\" alt=\"\" class=\"wp-image-302\" srcset=\"https:\/\/www.nasdecin.cz\/wp-content\/uploads\/2022\/09\/image3-1024x683.jpeg 1024w, https:\/\/www.nasdecin.cz\/wp-content\/uploads\/2022\/09\/image3-300x200.jpeg 300w, https:\/\/www.nasdecin.cz\/wp-content\/uploads\/2022\/09\/image3-768x512.jpeg 768w, https:\/\/www.nasdecin.cz\/wp-content\/uploads\/2022\/09\/image3-1536x1024.jpeg 1536w, https:\/\/www.nasdecin.cz\/wp-content\/uploads\/2022\/09\/image3-2048x1365.jpeg 2048w\" sizes=\"auto, (max-width: 706px) 89vw, (max-width: 767px) 82vw, 740px\" \/><\/figure>\n<\/figure>\n","protected":false},"excerpt":{"rendered":"<p>Absolvent \u010cesk\u00e9ho vysok\u00e9ho u\u010den\u00ed technick\u00e9ho v Praze Fakulty dopravn\u00ed, pracovi\u0161t\u011b D\u011b\u010d\u00edn se zam\u011b\u0159en\u00edm na dopravu a logistiku. Po ukon\u010den\u00ed studia z\u016fstal pracovat na d\u011b\u010d\u00ednsk\u00e9m pracovi\u0161ti \u010cVUT, Fakult dopravn\u00ed jako projektov\u00fd mana\u017eer. V&nbsp;sou\u010dasn\u00e9 dob\u011b se v\u011bnuje projekt\u016fm na rozvoj m\u011bst v&nbsp;na\u0161em okrese a projektu zab\u00fdvaj\u00edc\u00edm se zlep\u0161en\u00ed dopravn\u00ed obslu\u017enosti N\u00e1rodn\u00edho parku \u010cesk\u00e9 \u0160v\u00fdcarsko. Projekt je spoluprac\u00ed &hellip; <\/p>\n<p class=\"link-more\"><a href=\"https:\/\/www.nasdecin.cz\/?page_id=298\" class=\"more-link\">Pokra\u010dovat ve \u010dten\u00ed<span class=\"screen-reader-text\"> &#8222;Ing. Ji\u0159\u00ed Zeisek&#8220;<\/span><\/a><\/p>\n","protected":false},"author":1,"featured_media":0,"parent":0,"menu_order":0,"comment_status":"closed","ping_status":"closed","template":"","meta":{"_bbp_topic_count":0,"_bbp_reply_count":0,"_bbp_total_topic_count":0,"_bbp_total_reply_count":0,"_bbp_voice_count":0,"_bbp_anonymous_reply_count":0,"_bbp_topic_count_hidden":0,"_bbp_reply_count_hidden":0,"_bbp_forum_subforum_count":0,"footnotes":""},"class_list":["post-298","page","type-page","status-publish","hentry"],"_links":{"self":[{"href":"https:\/\/www.nasdecin.cz\/index.php?rest_route=\/wp\/v2\/pages\/298","targetHints":{"allow":["GET"]}}],"collection":[{"href":"https:\/\/www.nasdecin.cz\/index.php?rest_route=\/wp\/v2\/pages"}],"about":[{"href":"https:\/\/www.nasdecin.cz\/index.php?rest_route=\/wp\/v2\/types\/page"}],"author":[{"embeddable":true,"href":"https:\/\/www.nasdecin.cz\/index.php?rest_route=\/wp\/v2\/users\/1"}],"replies":[{"embeddable":true,"href":"https:\/\/www.nasdecin.cz\/index.php?rest_route=%2Fwp%2Fv2%2Fcomments&post=298"}],"version-history":[{"count":3,"href":"https:\/\/www.nasdecin.cz\/index.php?rest_route=\/wp\/v2\/pages\/298\/revisions"}],"predecessor-version":[{"id":305,"href":"https:\/\/www.nasdecin.cz\/index.php?rest_route=\/wp\/v2\/pages\/298\/revisions\/305"}],"wp:attachment":[{"href":"https:\/\/www.nasdecin.cz\/index.php?rest_route=%2Fwp%2Fv2%2Fmedia&parent=298"}],"curies":[{"name":"wp","href":"https:\/\/api.w.org\/{rel}","templated":true}]}}

Ing. Jiří Zeisek

<figure class="wp-block-image size-full is-resized"><img loading="lazy" decoding="async" src="https://www.nasdecin.cz/wp-content/uploads/2022/09/m-IMG_6234.jpg" alt="" class="wp-image-281" width="341" height="500" srcset="https://www.nasdecin.cz/wp-content/uploads/2022/09/m-IMG_6234.jpg 682w, https://www.nasdecin.cz/wp-content/uploads/2022/09/m-IMG_6234-205x300.jpg 205w" sizes="auto, (max-width: 341px) 100vw, 341px" /><figcaption>Jiří Zeisek</figcaption></figure>



<p>Absolvent Českého vysokého učení technického v Praze Fakulty dopravní, pracoviště Děčín se zaměřením na dopravu a logistiku. Po ukončení studia zůstal pracovat na děčínském pracovišti ČVUT, Fakult dopravní jako projektový manažer. V&nbsp;současné době se věnuje projektům na rozvoj měst v&nbsp;našem okrese a projektu zabývajícím se zlepšení dopravní obslužnosti Národního parku České Švýcarsko. Projekt je spoluprací děčínské fakulty a Technické univerzity v&nbsp;Drážďanech a měl by pomoci s&nbsp;rozvojem a obnovou parku po rozsáhlém požáru.&nbsp;</p>



<p>Je nadšeným cyklistou, který se nevyhýbá silnicím ani trailům.</p>



<figure class="wp-block-gallery has-nested-images columns-default is-cropped wp-block-gallery-1 is-layout-flex wp-block-gallery-is-layout-flex">
<figure class="wp-block-image size-large"><img loading="lazy" decoding="async" width="576" height="1024" data-id="299" src="https://www.nasdecin.cz/wp-content/uploads/2022/09/image0-576x1024.jpeg" alt="" class="wp-image-299" srcset="https://www.nasdecin.cz/wp-content/uploads/2022/09/image0-576x1024.jpeg 576w, https://www.nasdecin.cz/wp-content/uploads/2022/09/image0-169x300.jpeg 169w, https://www.nasdecin.cz/wp-content/uploads/2022/09/image0-768x1365.jpeg 768w, https://www.nasdecin.cz/wp-content/uploads/2022/09/image0-864x1536.jpeg 864w, https://www.nasdecin.cz/wp-content/uploads/2022/09/image0.jpeg 869w" sizes="auto, (max-width: 576px) 100vw, 576px" /></figure>



<figure class="wp-block-image size-large"><img loading="lazy" decoding="async" width="576" height="1024" data-id="301" src="https://www.nasdecin.cz/wp-content/uploads/2022/09/image1-576x1024.jpeg" alt="" class="wp-image-301" srcset="https://www.nasdecin.cz/wp-content/uploads/2022/09/image1-576x1024.jpeg 576w, https://www.nasdecin.cz/wp-content/uploads/2022/09/image1-169x300.jpeg 169w, https://www.nasdecin.cz/wp-content/uploads/2022/09/image1-768x1365.jpeg 768w, https://www.nasdecin.cz/wp-content/uploads/2022/09/image1-864x1536.jpeg 864w, https://www.nasdecin.cz/wp-content/uploads/2022/09/image1.jpeg 1134w" sizes="auto, (max-width: 576px) 100vw, 576px" /></figure>



<figure class="wp-block-image size-large"><img loading="lazy" decoding="async" width="576" height="1024" data-id="300" src="https://www.nasdecin.cz/wp-content/uploads/2022/09/image2-576x1024.jpeg" alt="" class="wp-image-300" srcset="https://www.nasdecin.cz/wp-content/uploads/2022/09/image2-576x1024.jpeg 576w, https://www.nasdecin.cz/wp-content/uploads/2022/09/image2-169x300.jpeg 169w, https://www.nasdecin.cz/wp-content/uploads/2022/09/image2-768x1365.jpeg 768w, https://www.nasdecin.cz/wp-content/uploads/2022/09/image2-864x1536.jpeg 864w, https://www.nasdecin.cz/wp-content/uploads/2022/09/image2.jpeg 1134w" sizes="auto, (max-width: 576px) 100vw, 576px" /></figure>



<figure class="wp-block-image size-large"><img loading="lazy" decoding="async" width="1024" height="683" data-id="302" src="https://www.nasdecin.cz/wp-content/uploads/2022/09/image3-1024x683.jpeg" alt="" class="wp-image-302" srcset="https://www.nasdecin.cz/wp-content/uploads/2022/09/image3-1024x683.jpeg 1024w, https://www.nasdecin.cz/wp-content/uploads/2022/09/image3-300x200.jpeg 300w, https://www.nasdecin.cz/wp-content/uploads/2022/09/image3-768x512.jpeg 768w, https://www.nasdecin.cz/wp-content/uploads/2022/09/image3-1536x1024.jpeg 1536w, https://www.nasdecin.cz/wp-content/uploads/2022/09/image3-2048x1365.jpeg 2048w" sizes="auto, (max-width: 706px) 89vw, (max-width: 767px) 82vw, 740px" /></figure>
</figure>

<p>Absolvent Českého vysokého učení technického v Praze Fakulty dopravní, pracoviště Děčín se zaměřením na dopravu a logistiku. Po ukončení studia zůstal pracovat na děčínském pracovišti ČVUT, Fakult dopravní jako projektový manažer. V&nbsp;současné době se věnuje projektům na rozvoj měst v&nbsp;našem okrese a projektu zabývajícím se zlepšení dopravní obslužnosti Národního parku České Švýcarsko. Projekt je spoluprací &hellip; </p>
<p class="link-more"><a href="https://www.nasdecin.cz/?page_id=298" class="more-link">Pokračovat ve čtení<span class="screen-reader-text"> &#8222;Ing. Jiří Zeisek&#8220;</span></a></p>
