{"id":233,"date":"2022-07-14T08:33:44","date_gmt":"2022-07-14T08:33:44","guid":{"rendered":"https:\/\/www.nasdecin.cz\/?page_id=233"},"modified":"2022-07-14T08:33:44","modified_gmt":"2022-07-14T08:33:44","slug":"martin-sotka","status":"publish","type":"page","link":"https:\/\/www.nasdecin.cz\/?page_id=233","title":{"rendered":"Martin \u0160otka"},"content":{"rendered":"\n<p>Majitel a jednatel spole\u010dnost Shotty s.r.o. \u2013 Wellness hotel a restaurace Kocanda v&nbsp;D\u011b\u010d\u00edn\u011b.&nbsp; Investor a provozovatel Sportovn\u00edho a d\u011btsk\u00e9ho are\u00e1lu U Koc\u00e1nka. M\u00edstop\u0159edseda HC D\u011b\u010d\u00edn.<\/p>\n\n\n\n<p>Jako d\u011b\u010d\u00ednsk\u00fd rod\u00e1k a patriot vybudoval, na b\u00fdval\u00e9 skl\u00e1dce na Star\u00e9m M\u011bst\u011b, sportovn\u00ed are\u00e1l a d\u011btsk\u00e9 h\u0159i\u0161t\u011b U Koc\u00e1nka. V&nbsp;letech 2014 \u2013 2018 p\u016fsobil v komisi pro cestovn\u00ed ruch rady m\u011bsta D\u011b\u010d\u00edn. St\u00e1le aktivn\u00ed v\u0161estrann\u00fd sportovec a jako nad\u0161en\u00fd hokejista je celo\u017eivotn\u011b spojen s&nbsp;HC D\u011b\u010d\u00edn.<\/p>\n\n\n\n<p>Sv\u016fj \u017eivotn\u00ed optimismus p\u0159en\u00e1\u0161\u00ed i na sv\u00e9 dv\u011b d\u011bti, kter\u00e9 vychov\u00e1v\u00e1 v&nbsp;duchu fair play se svou man\u017eelkou Evou.<\/p>\n\n\n\n<p>Motto : \u201e Nehled\u00e1m d\u016fvody pro\u010d to nejde, ale zp\u016fsoby jak to ud\u011blat.\u201c<\/p>\n\n\n\n<p>Pro\u010d kandiduji : \u017divot v&nbsp;D\u011b\u010d\u00edn\u011b mi nen\u00ed lhostejn\u00fd a nechci pat\u0159it mezi ty lidi, kte\u0159\u00ed svoj\u00ed ne\u010dinnost\u00ed umo\u017en\u00ed triumf zla, hlouposti a neschopnosti. Jsem p\u0159esv\u011bd\u010den\u00fd, \u017ee d\u00edky m\u00fdm letit\u00fdm profesn\u00edm zku\u0161enostem z&nbsp;odv\u011btv\u00ed turistick\u00e9ho ruchu a sportu m\u016f\u017eu b\u00fdt n\u00e1pomocn\u00fd.<\/p>\n\n\n\n<figure class=\"wp-block-gallery has-nested-images columns-default is-cropped wp-block-gallery-1 is-layout-flex wp-block-gallery-is-layout-flex\">\n<figure class=\"wp-block-image size-large\"><img loading=\"lazy\" decoding=\"async\" width=\"1773\" height=\"2364\" data-id=\"234\" src=\"http:\/\/www.nasdecin.cz\/wp-content\/uploads\/2022\/07\/KonickyMS1.jpg\" alt=\"\" class=\"wp-image-234\" srcset=\"https:\/\/www.nasdecin.cz\/wp-content\/uploads\/2022\/07\/KonickyMS1.jpg 1773w, https:\/\/www.nasdecin.cz\/wp-content\/uploads\/2022\/07\/KonickyMS1-225x300.jpg 225w, https:\/\/www.nasdecin.cz\/wp-content\/uploads\/2022\/07\/KonickyMS1-768x1024.jpg 768w, https:\/\/www.nasdecin.cz\/wp-content\/uploads\/2022\/07\/KonickyMS1-1152x1536.jpg 1152w, https:\/\/www.nasdecin.cz\/wp-content\/uploads\/2022\/07\/KonickyMS1-1536x2048.jpg 1536w\" sizes=\"auto, (max-width: 706px) 89vw, (max-width: 767px) 82vw, 740px\" \/><\/figure>\n\n\n\n<figure class=\"wp-block-image size-large\"><img loading=\"lazy\" decoding=\"async\" width=\"2560\" height=\"1439\" data-id=\"235\" src=\"http:\/\/www.nasdecin.cz\/wp-content\/uploads\/2022\/07\/KonickyMS3-scaled.jpg\" alt=\"\" class=\"wp-image-235\" srcset=\"https:\/\/www.nasdecin.cz\/wp-content\/uploads\/2022\/07\/KonickyMS3-scaled.jpg 2560w, https:\/\/www.nasdecin.cz\/wp-content\/uploads\/2022\/07\/KonickyMS3-300x169.jpg 300w, https:\/\/www.nasdecin.cz\/wp-content\/uploads\/2022\/07\/KonickyMS3-1024x576.jpg 1024w, https:\/\/www.nasdecin.cz\/wp-content\/uploads\/2022\/07\/KonickyMS3-768x432.jpg 768w, https:\/\/www.nasdecin.cz\/wp-content\/uploads\/2022\/07\/KonickyMS3-1536x864.jpg 1536w, https:\/\/www.nasdecin.cz\/wp-content\/uploads\/2022\/07\/KonickyMS3-2048x1152.jpg 2048w\" sizes=\"auto, (max-width: 706px) 89vw, (max-width: 767px) 82vw, 740px\" \/><\/figure>\n\n\n\n<figure class=\"wp-block-image size-large\"><img loading=\"lazy\" decoding=\"async\" width=\"2516\" height=\"1666\" data-id=\"237\" src=\"http:\/\/www.nasdecin.cz\/wp-content\/uploads\/2022\/07\/Prace-Kocanda.jpg\" alt=\"\" class=\"wp-image-237\" srcset=\"https:\/\/www.nasdecin.cz\/wp-content\/uploads\/2022\/07\/Prace-Kocanda.jpg 2516w, https:\/\/www.nasdecin.cz\/wp-content\/uploads\/2022\/07\/Prace-Kocanda-300x199.jpg 300w, https:\/\/www.nasdecin.cz\/wp-content\/uploads\/2022\/07\/Prace-Kocanda-1024x678.jpg 1024w, https:\/\/www.nasdecin.cz\/wp-content\/uploads\/2022\/07\/Prace-Kocanda-768x509.jpg 768w, https:\/\/www.nasdecin.cz\/wp-content\/uploads\/2022\/07\/Prace-Kocanda-1536x1017.jpg 1536w, https:\/\/www.nasdecin.cz\/wp-content\/uploads\/2022\/07\/Prace-Kocanda-2048x1356.jpg 2048w\" sizes=\"auto, (max-width: 706px) 89vw, (max-width: 767px) 82vw, 740px\" \/><\/figure>\n\n\n\n<figure class=\"wp-block-image size-large\"><img loading=\"lazy\" decoding=\"async\" width=\"2291\" height=\"1755\" data-id=\"238\" src=\"http:\/\/www.nasdecin.cz\/wp-content\/uploads\/2022\/07\/Prace1.jpg\" alt=\"\" class=\"wp-image-238\" srcset=\"https:\/\/www.nasdecin.cz\/wp-content\/uploads\/2022\/07\/Prace1.jpg 2291w, https:\/\/www.nasdecin.cz\/wp-content\/uploads\/2022\/07\/Prace1-300x230.jpg 300w, https:\/\/www.nasdecin.cz\/wp-content\/uploads\/2022\/07\/Prace1-1024x784.jpg 1024w, https:\/\/www.nasdecin.cz\/wp-content\/uploads\/2022\/07\/Prace1-768x588.jpg 768w, https:\/\/www.nasdecin.cz\/wp-content\/uploads\/2022\/07\/Prace1-1536x1177.jpg 1536w, https:\/\/www.nasdecin.cz\/wp-content\/uploads\/2022\/07\/Prace1-2048x1569.jpg 2048w\" sizes=\"auto, (max-width: 706px) 89vw, (max-width: 767px) 82vw, 740px\" \/><figcaption>dav<\/figcaption><\/figure>\n\n\n\n<figure class=\"wp-block-image size-large\"><img loading=\"lazy\" decoding=\"async\" width=\"2311\" height=\"1814\" data-id=\"239\" src=\"http:\/\/www.nasdecin.cz\/wp-content\/uploads\/2022\/07\/Pro-mesto.jpg\" alt=\"\" class=\"wp-image-239\" srcset=\"https:\/\/www.nasdecin.cz\/wp-content\/uploads\/2022\/07\/Pro-mesto.jpg 2311w, https:\/\/www.nasdecin.cz\/wp-content\/uploads\/2022\/07\/Pro-mesto-300x235.jpg 300w, https:\/\/www.nasdecin.cz\/wp-content\/uploads\/2022\/07\/Pro-mesto-1024x804.jpg 1024w, https:\/\/www.nasdecin.cz\/wp-content\/uploads\/2022\/07\/Pro-mesto-768x603.jpg 768w, https:\/\/www.nasdecin.cz\/wp-content\/uploads\/2022\/07\/Pro-mesto-1536x1206.jpg 1536w, https:\/\/www.nasdecin.cz\/wp-content\/uploads\/2022\/07\/Pro-mesto-2048x1608.jpg 2048w\" sizes=\"auto, (max-width: 706px) 89vw, (max-width: 767px) 82vw, 740px\" \/><\/figure>\n\n\n\n<figure class=\"wp-block-image size-large\"><img loading=\"lazy\" decoding=\"async\" width=\"1885\" height=\"1600\" data-id=\"240\" src=\"http:\/\/www.nasdecin.cz\/wp-content\/uploads\/2022\/07\/Pro-mesto1.jpg\" alt=\"\" class=\"wp-image-240\" srcset=\"https:\/\/www.nasdecin.cz\/wp-content\/uploads\/2022\/07\/Pro-mesto1.jpg 1885w, https:\/\/www.nasdecin.cz\/wp-content\/uploads\/2022\/07\/Pro-mesto1-300x255.jpg 300w, https:\/\/www.nasdecin.cz\/wp-content\/uploads\/2022\/07\/Pro-mesto1-1024x869.jpg 1024w, https:\/\/www.nasdecin.cz\/wp-content\/uploads\/2022\/07\/Pro-mesto1-768x652.jpg 768w, https:\/\/www.nasdecin.cz\/wp-content\/uploads\/2022\/07\/Pro-mesto1-1536x1304.jpg 1536w\" sizes=\"auto, (max-width: 706px) 89vw, (max-width: 767px) 82vw, 740px\" \/><\/figure>\n\n\n\n<figure class=\"wp-block-image size-large\"><img loading=\"lazy\" decoding=\"async\" width=\"1672\" height=\"2508\" data-id=\"242\" src=\"http:\/\/www.nasdecin.cz\/wp-content\/uploads\/2022\/07\/RodinaMS2.jpeg\" alt=\"\" class=\"wp-image-242\" srcset=\"https:\/\/www.nasdecin.cz\/wp-content\/uploads\/2022\/07\/RodinaMS2.jpeg 1672w, https:\/\/www.nasdecin.cz\/wp-content\/uploads\/2022\/07\/RodinaMS2-200x300.jpeg 200w, https:\/\/www.nasdecin.cz\/wp-content\/uploads\/2022\/07\/RodinaMS2-683x1024.jpeg 683w, https:\/\/www.nasdecin.cz\/wp-content\/uploads\/2022\/07\/RodinaMS2-768x1152.jpeg 768w, https:\/\/www.nasdecin.cz\/wp-content\/uploads\/2022\/07\/RodinaMS2-1024x1536.jpeg 1024w, https:\/\/www.nasdecin.cz\/wp-content\/uploads\/2022\/07\/RodinaMS2-1365x2048.jpeg 1365w\" sizes=\"auto, (max-width: 706px) 89vw, (max-width: 767px) 82vw, 740px\" \/><\/figure>\n\n\n\n<figure class=\"wp-block-image size-large\"><img loading=\"lazy\" decoding=\"async\" width=\"694\" height=\"1000\" data-id=\"236\" src=\"http:\/\/www.nasdecin.cz\/wp-content\/uploads\/2022\/07\/m-IMG_1359.jpg\" alt=\"\" class=\"wp-image-236\" srcset=\"https:\/\/www.nasdecin.cz\/wp-content\/uploads\/2022\/07\/m-IMG_1359.jpg 694w, https:\/\/www.nasdecin.cz\/wp-content\/uploads\/2022\/07\/m-IMG_1359-208x300.jpg 208w\" sizes=\"auto, (max-width: 694px) 100vw, 694px\" \/><\/figure>\n<\/figure>\n","protected":false},"excerpt":{"rendered":"<p>Majitel a jednatel spole\u010dnost Shotty s.r.o. \u2013 Wellness hotel a restaurace Kocanda v&nbsp;D\u011b\u010d\u00edn\u011b.&nbsp; Investor a provozovatel Sportovn\u00edho a d\u011btsk\u00e9ho are\u00e1lu U Koc\u00e1nka. M\u00edstop\u0159edseda HC D\u011b\u010d\u00edn. Jako d\u011b\u010d\u00ednsk\u00fd rod\u00e1k a patriot vybudoval, na b\u00fdval\u00e9 skl\u00e1dce na Star\u00e9m M\u011bst\u011b, sportovn\u00ed are\u00e1l a d\u011btsk\u00e9 h\u0159i\u0161t\u011b U Koc\u00e1nka. V&nbsp;letech 2014 \u2013 2018 p\u016fsobil v komisi pro cestovn\u00ed ruch rady &hellip; <\/p>\n<p class=\"link-more\"><a href=\"https:\/\/www.nasdecin.cz\/?page_id=233\" class=\"more-link\">Pokra\u010dovat ve \u010dten\u00ed<span class=\"screen-reader-text\"> &#8222;Martin \u0160otka&#8220;<\/span><\/a><\/p>\n","protected":false},"author":1,"featured_media":0,"parent":0,"menu_order":0,"comment_status":"closed","ping_status":"closed","template":"","meta":{"_bbp_topic_count":0,"_bbp_reply_count":0,"_bbp_total_topic_count":0,"_bbp_total_reply_count":0,"_bbp_voice_count":0,"_bbp_anonymous_reply_count":0,"_bbp_topic_count_hidden":0,"_bbp_reply_count_hidden":0,"_bbp_forum_subforum_count":0,"footnotes":""},"class_list":["post-233","page","type-page","status-publish","hentry"],"_links":{"self":[{"href":"https:\/\/www.nasdecin.cz\/index.php?rest_route=\/wp\/v2\/pages\/233","targetHints":{"allow":["GET"]}}],"collection":[{"href":"https:\/\/www.nasdecin.cz\/index.php?rest_route=\/wp\/v2\/pages"}],"about":[{"href":"https:\/\/www.nasdecin.cz\/index.php?rest_route=\/wp\/v2\/types\/page"}],"author":[{"embeddable":true,"href":"https:\/\/www.nasdecin.cz\/index.php?rest_route=\/wp\/v2\/users\/1"}],"replies":[{"embeddable":true,"href":"https:\/\/www.nasdecin.cz\/index.php?rest_route=%2Fwp%2Fv2%2Fcomments&post=233"}],"version-history":[{"count":2,"href":"https:\/\/www.nasdecin.cz\/index.php?rest_route=\/wp\/v2\/pages\/233\/revisions"}],"predecessor-version":[{"id":244,"href":"https:\/\/www.nasdecin.cz\/index.php?rest_route=\/wp\/v2\/pages\/233\/revisions\/244"}],"wp:attachment":[{"href":"https:\/\/www.nasdecin.cz\/index.php?rest_route=%2Fwp%2Fv2%2Fmedia&parent=233"}],"curies":[{"name":"wp","href":"https:\/\/api.w.org\/{rel}","templated":true}]}}

Martin Šotka

<p>Majitel a jednatel společnost Shotty s.r.o. – Wellness hotel a restaurace Kocanda v&nbsp;Děčíně.&nbsp; Investor a provozovatel Sportovního a dětského areálu U Kocánka. Místopředseda HC Děčín.</p>



<p>Jako děčínský rodák a patriot vybudoval, na bývalé skládce na Starém Městě, sportovní areál a dětské hřiště U Kocánka. V&nbsp;letech 2014 – 2018 působil v komisi pro cestovní ruch rady města Děčín. Stále aktivní všestranný sportovec a jako nadšený hokejista je celoživotně spojen s&nbsp;HC Děčín.</p>



<p>Svůj životní optimismus přenáší i na své dvě děti, které vychovává v&nbsp;duchu fair play se svou manželkou Evou.</p>



<p>Motto : „ Nehledám důvody proč to nejde, ale způsoby jak to udělat.“</p>



<p>Proč kandiduji : Život v&nbsp;Děčíně mi není lhostejný a nechci patřit mezi ty lidi, kteří svojí nečinností umožní triumf zla, hlouposti a neschopnosti. Jsem přesvědčený, že díky mým letitým profesním zkušenostem z&nbsp;odvětví turistického ruchu a sportu můžu být nápomocný.</p>



<figure class="wp-block-gallery has-nested-images columns-default is-cropped wp-block-gallery-1 is-layout-flex wp-block-gallery-is-layout-flex">
<figure class="wp-block-image size-large"><img loading="lazy" decoding="async" width="1773" height="2364" data-id="234" src="http://www.nasdecin.cz/wp-content/uploads/2022/07/KonickyMS1.jpg" alt="" class="wp-image-234" srcset="https://www.nasdecin.cz/wp-content/uploads/2022/07/KonickyMS1.jpg 1773w, https://www.nasdecin.cz/wp-content/uploads/2022/07/KonickyMS1-225x300.jpg 225w, https://www.nasdecin.cz/wp-content/uploads/2022/07/KonickyMS1-768x1024.jpg 768w, https://www.nasdecin.cz/wp-content/uploads/2022/07/KonickyMS1-1152x1536.jpg 1152w, https://www.nasdecin.cz/wp-content/uploads/2022/07/KonickyMS1-1536x2048.jpg 1536w" sizes="auto, (max-width: 706px) 89vw, (max-width: 767px) 82vw, 740px" /></figure>



<figure class="wp-block-image size-large"><img loading="lazy" decoding="async" width="2560" height="1439" data-id="235" src="http://www.nasdecin.cz/wp-content/uploads/2022/07/KonickyMS3-scaled.jpg" alt="" class="wp-image-235" srcset="https://www.nasdecin.cz/wp-content/uploads/2022/07/KonickyMS3-scaled.jpg 2560w, https://www.nasdecin.cz/wp-content/uploads/2022/07/KonickyMS3-300x169.jpg 300w, https://www.nasdecin.cz/wp-content/uploads/2022/07/KonickyMS3-1024x576.jpg 1024w, https://www.nasdecin.cz/wp-content/uploads/2022/07/KonickyMS3-768x432.jpg 768w, https://www.nasdecin.cz/wp-content/uploads/2022/07/KonickyMS3-1536x864.jpg 1536w, https://www.nasdecin.cz/wp-content/uploads/2022/07/KonickyMS3-2048x1152.jpg 2048w" sizes="auto, (max-width: 706px) 89vw, (max-width: 767px) 82vw, 740px" /></figure>



<figure class="wp-block-image size-large"><img loading="lazy" decoding="async" width="2516" height="1666" data-id="237" src="http://www.nasdecin.cz/wp-content/uploads/2022/07/Prace-Kocanda.jpg" alt="" class="wp-image-237" srcset="https://www.nasdecin.cz/wp-content/uploads/2022/07/Prace-Kocanda.jpg 2516w, https://www.nasdecin.cz/wp-content/uploads/2022/07/Prace-Kocanda-300x199.jpg 300w, https://www.nasdecin.cz/wp-content/uploads/2022/07/Prace-Kocanda-1024x678.jpg 1024w, https://www.nasdecin.cz/wp-content/uploads/2022/07/Prace-Kocanda-768x509.jpg 768w, https://www.nasdecin.cz/wp-content/uploads/2022/07/Prace-Kocanda-1536x1017.jpg 1536w, https://www.nasdecin.cz/wp-content/uploads/2022/07/Prace-Kocanda-2048x1356.jpg 2048w" sizes="auto, (max-width: 706px) 89vw, (max-width: 767px) 82vw, 740px" /></figure>



<figure class="wp-block-image size-large"><img loading="lazy" decoding="async" width="2291" height="1755" data-id="238" src="http://www.nasdecin.cz/wp-content/uploads/2022/07/Prace1.jpg" alt="" class="wp-image-238" srcset="https://www.nasdecin.cz/wp-content/uploads/2022/07/Prace1.jpg 2291w, https://www.nasdecin.cz/wp-content/uploads/2022/07/Prace1-300x230.jpg 300w, https://www.nasdecin.cz/wp-content/uploads/2022/07/Prace1-1024x784.jpg 1024w, https://www.nasdecin.cz/wp-content/uploads/2022/07/Prace1-768x588.jpg 768w, https://www.nasdecin.cz/wp-content/uploads/2022/07/Prace1-1536x1177.jpg 1536w, https://www.nasdecin.cz/wp-content/uploads/2022/07/Prace1-2048x1569.jpg 2048w" sizes="auto, (max-width: 706px) 89vw, (max-width: 767px) 82vw, 740px" /><figcaption>dav</figcaption></figure>



<figure class="wp-block-image size-large"><img loading="lazy" decoding="async" width="2311" height="1814" data-id="239" src="http://www.nasdecin.cz/wp-content/uploads/2022/07/Pro-mesto.jpg" alt="" class="wp-image-239" srcset="https://www.nasdecin.cz/wp-content/uploads/2022/07/Pro-mesto.jpg 2311w, https://www.nasdecin.cz/wp-content/uploads/2022/07/Pro-mesto-300x235.jpg 300w, https://www.nasdecin.cz/wp-content/uploads/2022/07/Pro-mesto-1024x804.jpg 1024w, https://www.nasdecin.cz/wp-content/uploads/2022/07/Pro-mesto-768x603.jpg 768w, https://www.nasdecin.cz/wp-content/uploads/2022/07/Pro-mesto-1536x1206.jpg 1536w, https://www.nasdecin.cz/wp-content/uploads/2022/07/Pro-mesto-2048x1608.jpg 2048w" sizes="auto, (max-width: 706px) 89vw, (max-width: 767px) 82vw, 740px" /></figure>



<figure class="wp-block-image size-large"><img loading="lazy" decoding="async" width="1885" height="1600" data-id="240" src="http://www.nasdecin.cz/wp-content/uploads/2022/07/Pro-mesto1.jpg" alt="" class="wp-image-240" srcset="https://www.nasdecin.cz/wp-content/uploads/2022/07/Pro-mesto1.jpg 1885w, https://www.nasdecin.cz/wp-content/uploads/2022/07/Pro-mesto1-300x255.jpg 300w, https://www.nasdecin.cz/wp-content/uploads/2022/07/Pro-mesto1-1024x869.jpg 1024w, https://www.nasdecin.cz/wp-content/uploads/2022/07/Pro-mesto1-768x652.jpg 768w, https://www.nasdecin.cz/wp-content/uploads/2022/07/Pro-mesto1-1536x1304.jpg 1536w" sizes="auto, (max-width: 706px) 89vw, (max-width: 767px) 82vw, 740px" /></figure>



<figure class="wp-block-image size-large"><img loading="lazy" decoding="async" width="1672" height="2508" data-id="242" src="http://www.nasdecin.cz/wp-content/uploads/2022/07/RodinaMS2.jpeg" alt="" class="wp-image-242" srcset="https://www.nasdecin.cz/wp-content/uploads/2022/07/RodinaMS2.jpeg 1672w, https://www.nasdecin.cz/wp-content/uploads/2022/07/RodinaMS2-200x300.jpeg 200w, https://www.nasdecin.cz/wp-content/uploads/2022/07/RodinaMS2-683x1024.jpeg 683w, https://www.nasdecin.cz/wp-content/uploads/2022/07/RodinaMS2-768x1152.jpeg 768w, https://www.nasdecin.cz/wp-content/uploads/2022/07/RodinaMS2-1024x1536.jpeg 1024w, https://www.nasdecin.cz/wp-content/uploads/2022/07/RodinaMS2-1365x2048.jpeg 1365w" sizes="auto, (max-width: 706px) 89vw, (max-width: 767px) 82vw, 740px" /></figure>



<figure class="wp-block-image size-large"><img loading="lazy" decoding="async" width="694" height="1000" data-id="236" src="http://www.nasdecin.cz/wp-content/uploads/2022/07/m-IMG_1359.jpg" alt="" class="wp-image-236" srcset="https://www.nasdecin.cz/wp-content/uploads/2022/07/m-IMG_1359.jpg 694w, https://www.nasdecin.cz/wp-content/uploads/2022/07/m-IMG_1359-208x300.jpg 208w" sizes="auto, (max-width: 694px) 100vw, 694px" /></figure>
</figure>

<p>Majitel a jednatel společnost Shotty s.r.o. – Wellness hotel a restaurace Kocanda v&nbsp;Děčíně.&nbsp; Investor a provozovatel Sportovního a dětského areálu U Kocánka. Místopředseda HC Děčín. Jako děčínský rodák a patriot vybudoval, na bývalé skládce na Starém Městě, sportovní areál a dětské hřiště U Kocánka. V&nbsp;letech 2014 – 2018 působil v komisi pro cestovní ruch rady &hellip; </p>
<p class="link-more"><a href="https://www.nasdecin.cz/?page_id=233" class="more-link">Pokračovat ve čtení<span class="screen-reader-text"> &#8222;Martin Šotka&#8220;</span></a></p>
