{"id":217,"date":"2022-07-07T17:01:29","date_gmt":"2022-07-07T17:01:29","guid":{"rendered":"https:\/\/www.nasdecin.cz\/?page_id=217"},"modified":"2022-07-07T17:01:29","modified_gmt":"2022-07-07T17:01:29","slug":"skolstvi","status":"publish","type":"page","link":"https:\/\/www.nasdecin.cz\/?page_id=217","title":{"rendered":"\u0160kolstv\u00ed"},"content":{"rendered":"\n<p>V\u00fdchova a vzd\u011bl\u00e1v\u00e1n\u00ed v D\u011b\u010d\u00edn\u011b vykazuje \u0159adu specifik, kter\u00e9 je nutn\u00e9 br\u00e1t v \u00favahu. M\u011bsto z\u0159izuje 11 mate\u0159sk\u00fdch \u0161kol s dostate\u010dnou kapacitou i s ohledem na demografick\u00fd v\u00fdvoj. Z\u00e1kladn\u00ed \u0161koly maj\u00ed pr\u00e1vn\u00ed subjektivitu a jejich z\u0159izovatelem je p\u0159ev\u00e1\u017en\u011b m\u011bsto, kter\u00e9 ale zdaleka nevyu\u017e\u00edv\u00e1 mo\u017enost\u00ed metodick\u00e9ho veden\u00ed p\u0159\u00edsp\u011bvkov\u00fdch organizac\u00ed a nevytv\u00e1\u0159\u00ed sv\u00fdm \u0161kol\u00e1m dostate\u010dnou podporu a servis. St\u0159edn\u00ed \u0161koly z\u0159izuje kraj, p\u0159esto se nab\u00edz\u00ed mo\u017enost vz\u00e1jemn\u00e9 spolupr\u00e1ce. Dv\u011b fakulty \u010cesk\u00e9ho vysok\u00e9ho u\u010den\u00ed technick\u00e9ho d\u011blaj\u00ed z D\u011b\u010d\u00edna univerzitn\u00ed m\u011bsto, co\u017e je velmi presti\u017en\u00ed z\u00e1le\u017eitost, kter\u00e1 nebyla doposud m\u011bstem dob\u0159e uchopen\u00e1.&nbsp;<\/p>\n\n\n\n<ul class=\"wp-block-list\"><li>Revize kapacit \u0161kol a nastaven\u00ed jejich re\u00e1ln\u00fdch stav\u016f<\/li><li>\u00daprava sp\u00e1dovosti tak, aby mohlo doj\u00edt k v\u011bt\u0161\u00ed profilaci \u0161kol podle jejich mo\u017enost\u00ed a pot\u0159eb<\/li><li>Investice vlastn\u00edka do budov \u0161kol pro zv\u00fd\u0161en\u00ed energetick\u00e9 sob\u011bsta\u010dnosti, nebo alespo\u0148 sn\u00ed\u017een\u00ed energetick\u00e9 n\u00e1ro\u010dnosti.<\/li><li>V\u00fdrazn\u00e1 a konkr\u00e9tn\u00ed metodick\u00e1 podpora \u0159editel\u016f \u0161kol ze strany z\u0159izovatele<\/li><li>Vyu\u017eit\u00ed vybavenosti \u0161kol pro podporu lok\u00e1ln\u00ed komunit<\/li><li>Spolupr\u00e1ce a podpora vyu\u017eitelnosti \u0161kol bez rozd\u00edlu z\u0159izovatele<\/li><li>Podpora integrace a inkluze v re\u00e1ln\u00fdch mez\u00edch<\/li><li>Pos\u00edlen\u00ed kari\u00e9rov\u00e9ho poradenstv\u00ed na z\u00e1kladn\u00edch \u0161kol\u00e1ch<\/li><li>Podpora univerzity v na\u0161em m\u011bst\u011b<\/li><\/ul>\n","protected":false},"excerpt":{"rendered":"<p>V\u00fdchova a vzd\u011bl\u00e1v\u00e1n\u00ed v D\u011b\u010d\u00edn\u011b vykazuje \u0159adu specifik, kter\u00e9 je nutn\u00e9 br\u00e1t v \u00favahu. M\u011bsto z\u0159izuje 11 mate\u0159sk\u00fdch \u0161kol s dostate\u010dnou kapacitou i s ohledem na demografick\u00fd v\u00fdvoj. Z\u00e1kladn\u00ed \u0161koly maj\u00ed pr\u00e1vn\u00ed subjektivitu a jejich z\u0159izovatelem je p\u0159ev\u00e1\u017en\u011b m\u011bsto, kter\u00e9 ale zdaleka nevyu\u017e\u00edv\u00e1 mo\u017enost\u00ed metodick\u00e9ho veden\u00ed p\u0159\u00edsp\u011bvkov\u00fdch organizac\u00ed a nevytv\u00e1\u0159\u00ed sv\u00fdm \u0161kol\u00e1m dostate\u010dnou podporu a &hellip; <\/p>\n<p class=\"link-more\"><a href=\"https:\/\/www.nasdecin.cz\/?page_id=217\" class=\"more-link\">Pokra\u010dovat ve \u010dten\u00ed<span class=\"screen-reader-text\"> &#8222;\u0160kolstv\u00ed&#8220;<\/span><\/a><\/p>\n","protected":false},"author":1,"featured_media":0,"parent":0,"menu_order":0,"comment_status":"closed","ping_status":"closed","template":"","meta":{"_bbp_topic_count":0,"_bbp_reply_count":0,"_bbp_total_topic_count":0,"_bbp_total_reply_count":0,"_bbp_voice_count":0,"_bbp_anonymous_reply_count":0,"_bbp_topic_count_hidden":0,"_bbp_reply_count_hidden":0,"_bbp_forum_subforum_count":0,"footnotes":""},"class_list":["post-217","page","type-page","status-publish","hentry"],"_links":{"self":[{"href":"https:\/\/www.nasdecin.cz\/index.php?rest_route=\/wp\/v2\/pages\/217","targetHints":{"allow":["GET"]}}],"collection":[{"href":"https:\/\/www.nasdecin.cz\/index.php?rest_route=\/wp\/v2\/pages"}],"about":[{"href":"https:\/\/www.nasdecin.cz\/index.php?rest_route=\/wp\/v2\/types\/page"}],"author":[{"embeddable":true,"href":"https:\/\/www.nasdecin.cz\/index.php?rest_route=\/wp\/v2\/users\/1"}],"replies":[{"embeddable":true,"href":"https:\/\/www.nasdecin.cz\/index.php?rest_route=%2Fwp%2Fv2%2Fcomments&post=217"}],"version-history":[{"count":1,"href":"https:\/\/www.nasdecin.cz\/index.php?rest_route=\/wp\/v2\/pages\/217\/revisions"}],"predecessor-version":[{"id":218,"href":"https:\/\/www.nasdecin.cz\/index.php?rest_route=\/wp\/v2\/pages\/217\/revisions\/218"}],"wp:attachment":[{"href":"https:\/\/www.nasdecin.cz\/index.php?rest_route=%2Fwp%2Fv2%2Fmedia&parent=217"}],"curies":[{"name":"wp","href":"https:\/\/api.w.org\/{rel}","templated":true}]}}

Školství

<p>Výchova a vzdělávání v Děčíně vykazuje řadu specifik, které je nutné brát v úvahu. Město zřizuje 11 mateřských škol s dostatečnou kapacitou i s ohledem na demografický vývoj. Základní školy mají právní subjektivitu a jejich zřizovatelem je převážně město, které ale zdaleka nevyužívá možností metodického vedení příspěvkových organizací a nevytváří svým školám dostatečnou podporu a servis. Střední školy zřizuje kraj, přesto se nabízí možnost vzájemné spolupráce. Dvě fakulty Českého vysokého učení technického dělají z Děčína univerzitní město, což je velmi prestižní záležitost, která nebyla doposud městem dobře uchopená.&nbsp;</p>



<ul class="wp-block-list"><li>Revize kapacit škol a nastavení jejich reálných stavů</li><li>Úprava spádovosti tak, aby mohlo dojít k větší profilaci škol podle jejich možností a potřeb</li><li>Investice vlastníka do budov škol pro zvýšení energetické soběstačnosti, nebo alespoň snížení energetické náročnosti.</li><li>Výrazná a konkrétní metodická podpora ředitelů škol ze strany zřizovatele</li><li>Využití vybavenosti škol pro podporu lokální komunit</li><li>Spolupráce a podpora využitelnosti škol bez rozdílu zřizovatele</li><li>Podpora integrace a inkluze v reálných mezích</li><li>Posílení kariérového poradenství na základních školách</li><li>Podpora univerzity v našem městě</li></ul>

<p>Výchova a vzdělávání v Děčíně vykazuje řadu specifik, které je nutné brát v úvahu. Město zřizuje 11 mateřských škol s dostatečnou kapacitou i s ohledem na demografický vývoj. Základní školy mají právní subjektivitu a jejich zřizovatelem je převážně město, které ale zdaleka nevyužívá možností metodického vedení příspěvkových organizací a nevytváří svým školám dostatečnou podporu a &hellip; </p>
<p class="link-more"><a href="https://www.nasdecin.cz/?page_id=217" class="more-link">Pokračovat ve čtení<span class="screen-reader-text"> &#8222;Školství&#8220;</span></a></p>
