{"id":203,"date":"2022-07-07T16:54:05","date_gmt":"2022-07-07T16:54:05","guid":{"rendered":"https:\/\/www.nasdecin.cz\/?page_id=203"},"modified":"2022-07-07T16:54:05","modified_gmt":"2022-07-07T16:54:05","slug":"rostislav-sobisek","status":"publish","type":"page","link":"https:\/\/www.nasdecin.cz\/?page_id=203","title":{"rendered":"Rostislav Sob\u00ed\u0161ek"},"content":{"rendered":"\n<p>Pracuje v&nbsp;soci\u00e1ln\u00edch slu\u017eb\u00e1ch \u2013 jako kontaktn\u00ed a ter\u00e9nn\u00ed pracovn\u00edk K-centra D\u011b\u010d\u00edn. V&nbsp;sou\u010dasn\u00e9 dob\u011b dokon\u010duje studia na PF UJEP oboru Soci\u00e1ln\u00ed pedagogika.&nbsp;<\/p>\n\n\n\n<p>V letech 2019\u20132021 p\u016fsobil jako \u010dlen kulturn\u00ed komise v&nbsp;D\u011b\u010d\u00edn\u011b.<\/p>\n\n\n\n<p>P\u016fvodn\u00ed profes\u00ed brusi\u010d skla, v devades\u00e1t\u00fdch letech pracoval jako OSV\u010c.&nbsp;Pot\u00e9 n\u00e1sledovala kari\u00e9ra vychovatele v&nbsp;r\u016fzn\u00fdch za\u0159\u00edzen\u00edch v&nbsp;D\u011b\u010d\u00edn\u011b a \u00dast\u00ed nad Labem, v&nbsp;roce 2017 zakotvil v&nbsp;soci\u00e1ln\u00edch slu\u017eb\u00e1ch v&nbsp;d\u011b\u010d\u00ednsk\u00e9m \u201ek\u00e1\u010dku\u201c, kde pracuje s&nbsp;u\u017eivateli neleg\u00e1ln\u00edch psychotropn\u00edch l\u00e1tek. V&nbsp;t\u00fdmu je pov\u011bstn\u00fd svou z\u00e1sadovost\u00ed, principi\u00e1lnost\u00ed, pracovitost\u00ed a odzbrojuj\u00edc\u00edm smyslem pro humor.<\/p>\n\n\n\n<p>Aktivn\u011b se v\u011bnuje sportu (p\u0159edev\u0161\u00edm florbalu a hokejbalu) a hudb\u011b. Od roku 2017 je \u010dlenem rockov\u00e9 skupiny Kronwell, kter\u00e1 pravideln\u011b sv\u00fdmi vystoupen\u00ed vyvol\u00e1v\u00e1 sv\u011btov\u00fd rozruch, p\u0159edev\u0161\u00edm \u2013 na D\u011b\u010d\u00ednsku \u2026pod\u00edl\u00ed se na tvorb\u011b hudby a text\u016f, zp\u00edv\u00e1 a hraje na punkov\u00e9 banjo.&nbsp;<\/p>\n\n\n\n<p>Ve voln\u00e9m \u010dase se v\u011bnuje rodin\u011b.<\/p>\n\n\n\n<p>52 let \u017eije v&nbsp;D\u011b\u010d\u00edn\u011b, kter\u00fd pova\u017euje za kr\u00e1sn\u00e9 m\u011bsto s&nbsp;velik\u00fdm, doposud pln\u011b nevyu\u017eit\u00fdm potenci\u00e1lem.&nbsp;<\/p>\n\n\n\n<p><strong>Motto: <\/strong>\u201eNev\u011b\u0159 ostnat\u00e9mu dr\u00e1tu, by\u0165 by se stokr\u00e1t tv\u00e1\u0159il jako stonek r\u016f\u017ee.\u201c (Karel Kryl)<br><br><strong>Pro\u010d kandiduji: <\/strong>Proto\u017ee mi nen\u00ed lhostejn\u00e9, v\u00a0jak\u00e9m m\u011bst\u011b \u017eiji. Proto\u017ee m\u011b tr\u00e1p\u00ed, \u017ee D\u011b\u010d\u00edn je pova\u017eov\u00e1n za zaostal\u00e9 a rozvojov\u00e9 m\u011bsto bez perspektivy; a kone\u010dn\u011b: proto\u017ee jsem na\u0161el platformu lid\u00ed, kte\u0159\u00ed maj\u00ed na ve\u0159ejn\u00e9 d\u011bn\u00ed podobn\u00fd n\u00e1hled jako j\u00e1 a kter\u00fdm nechyb\u00ed vize, tah na branku a schopnost a v\u016fle m\u011bnit v\u011bci.<\/p>\n\n\n\n<figure class=\"wp-block-gallery has-nested-images columns-default is-cropped wp-block-gallery-1 is-layout-flex wp-block-gallery-is-layout-flex\">\n<figure class=\"wp-block-image size-large\"><img loading=\"lazy\" decoding=\"async\" width=\"759\" height=\"1038\" data-id=\"204\" src=\"http:\/\/www.nasdecin.cz\/wp-content\/uploads\/2022\/07\/IMG_1403m.jpg\" alt=\"\" class=\"wp-image-204\" srcset=\"https:\/\/www.nasdecin.cz\/wp-content\/uploads\/2022\/07\/IMG_1403m.jpg 759w, https:\/\/www.nasdecin.cz\/wp-content\/uploads\/2022\/07\/IMG_1403m-219x300.jpg 219w, https:\/\/www.nasdecin.cz\/wp-content\/uploads\/2022\/07\/IMG_1403m-749x1024.jpg 749w\" sizes=\"auto, (max-width: 706px) 89vw, (max-width: 767px) 82vw, 740px\" \/><\/figure>\n\n\n\n<figure class=\"wp-block-image size-large\"><img loading=\"lazy\" decoding=\"async\" width=\"810\" height=\"1440\" data-id=\"205\" src=\"http:\/\/www.nasdecin.cz\/wp-content\/uploads\/2022\/07\/19956818_1476479089062405_1107803364517600238_o.jpg\" alt=\"\" class=\"wp-image-205\" srcset=\"https:\/\/www.nasdecin.cz\/wp-content\/uploads\/2022\/07\/19956818_1476479089062405_1107803364517600238_o.jpg 810w, https:\/\/www.nasdecin.cz\/wp-content\/uploads\/2022\/07\/19956818_1476479089062405_1107803364517600238_o-169x300.jpg 169w, https:\/\/www.nasdecin.cz\/wp-content\/uploads\/2022\/07\/19956818_1476479089062405_1107803364517600238_o-576x1024.jpg 576w, https:\/\/www.nasdecin.cz\/wp-content\/uploads\/2022\/07\/19956818_1476479089062405_1107803364517600238_o-768x1365.jpg 768w\" sizes=\"auto, (max-width: 706px) 89vw, (max-width: 767px) 82vw, 740px\" \/><\/figure>\n\n\n\n<figure class=\"wp-block-image size-large\"><img loading=\"lazy\" decoding=\"async\" width=\"386\" height=\"681\" data-id=\"206\" src=\"http:\/\/www.nasdecin.cz\/wp-content\/uploads\/2022\/07\/42196457_10212736108861132_1867985344087982080_n.jpg\" alt=\"\" class=\"wp-image-206\" srcset=\"https:\/\/www.nasdecin.cz\/wp-content\/uploads\/2022\/07\/42196457_10212736108861132_1867985344087982080_n.jpg 386w, https:\/\/www.nasdecin.cz\/wp-content\/uploads\/2022\/07\/42196457_10212736108861132_1867985344087982080_n-170x300.jpg 170w\" sizes=\"auto, (max-width: 386px) 100vw, 386px\" \/><\/figure>\n\n\n\n<figure class=\"wp-block-image size-large\"><img loading=\"lazy\" decoding=\"async\" width=\"2048\" height=\"1365\" data-id=\"207\" src=\"http:\/\/www.nasdecin.cz\/wp-content\/uploads\/2022\/07\/83155082_2742008715866970_7730535481728827392_n.jpg\" alt=\"\" class=\"wp-image-207\" srcset=\"https:\/\/www.nasdecin.cz\/wp-content\/uploads\/2022\/07\/83155082_2742008715866970_7730535481728827392_n.jpg 2048w, https:\/\/www.nasdecin.cz\/wp-content\/uploads\/2022\/07\/83155082_2742008715866970_7730535481728827392_n-300x200.jpg 300w, https:\/\/www.nasdecin.cz\/wp-content\/uploads\/2022\/07\/83155082_2742008715866970_7730535481728827392_n-1024x683.jpg 1024w, https:\/\/www.nasdecin.cz\/wp-content\/uploads\/2022\/07\/83155082_2742008715866970_7730535481728827392_n-768x512.jpg 768w, https:\/\/www.nasdecin.cz\/wp-content\/uploads\/2022\/07\/83155082_2742008715866970_7730535481728827392_n-1536x1024.jpg 1536w\" sizes=\"auto, (max-width: 706px) 89vw, (max-width: 767px) 82vw, 740px\" \/><\/figure>\n\n\n\n<figure class=\"wp-block-image size-large\"><img loading=\"lazy\" decoding=\"async\" width=\"2048\" height=\"1356\" data-id=\"208\" src=\"http:\/\/www.nasdecin.cz\/wp-content\/uploads\/2022\/07\/117015606_10216355063423076_6509102453014020854_n.jpg\" alt=\"\" class=\"wp-image-208\" srcset=\"https:\/\/www.nasdecin.cz\/wp-content\/uploads\/2022\/07\/117015606_10216355063423076_6509102453014020854_n.jpg 2048w, https:\/\/www.nasdecin.cz\/wp-content\/uploads\/2022\/07\/117015606_10216355063423076_6509102453014020854_n-300x199.jpg 300w, https:\/\/www.nasdecin.cz\/wp-content\/uploads\/2022\/07\/117015606_10216355063423076_6509102453014020854_n-1024x678.jpg 1024w, https:\/\/www.nasdecin.cz\/wp-content\/uploads\/2022\/07\/117015606_10216355063423076_6509102453014020854_n-768x509.jpg 768w, https:\/\/www.nasdecin.cz\/wp-content\/uploads\/2022\/07\/117015606_10216355063423076_6509102453014020854_n-1536x1017.jpg 1536w\" sizes=\"auto, (max-width: 706px) 89vw, (max-width: 767px) 82vw, 740px\" \/><\/figure>\n\n\n\n<figure class=\"wp-block-image size-large\"><img loading=\"lazy\" decoding=\"async\" width=\"1440\" height=\"1080\" data-id=\"209\" src=\"http:\/\/www.nasdecin.cz\/wp-content\/uploads\/2022\/07\/66195718_2606258826065622_3557500095354109952_n.jpg\" alt=\"\" class=\"wp-image-209\" srcset=\"https:\/\/www.nasdecin.cz\/wp-content\/uploads\/2022\/07\/66195718_2606258826065622_3557500095354109952_n.jpg 1440w, https:\/\/www.nasdecin.cz\/wp-content\/uploads\/2022\/07\/66195718_2606258826065622_3557500095354109952_n-300x225.jpg 300w, https:\/\/www.nasdecin.cz\/wp-content\/uploads\/2022\/07\/66195718_2606258826065622_3557500095354109952_n-1024x768.jpg 1024w, https:\/\/www.nasdecin.cz\/wp-content\/uploads\/2022\/07\/66195718_2606258826065622_3557500095354109952_n-768x576.jpg 768w\" sizes=\"auto, (max-width: 706px) 89vw, (max-width: 767px) 82vw, 740px\" \/><\/figure>\n<\/figure>\n","protected":false},"excerpt":{"rendered":"<p>Pracuje v&nbsp;soci\u00e1ln\u00edch slu\u017eb\u00e1ch \u2013 jako kontaktn\u00ed a ter\u00e9nn\u00ed pracovn\u00edk K-centra D\u011b\u010d\u00edn. V&nbsp;sou\u010dasn\u00e9 dob\u011b dokon\u010duje studia na PF UJEP oboru Soci\u00e1ln\u00ed pedagogika.&nbsp; V letech 2019\u20132021 p\u016fsobil jako \u010dlen kulturn\u00ed komise v&nbsp;D\u011b\u010d\u00edn\u011b. P\u016fvodn\u00ed profes\u00ed brusi\u010d skla, v devades\u00e1t\u00fdch letech pracoval jako OSV\u010c.&nbsp;Pot\u00e9 n\u00e1sledovala kari\u00e9ra vychovatele v&nbsp;r\u016fzn\u00fdch za\u0159\u00edzen\u00edch v&nbsp;D\u011b\u010d\u00edn\u011b a \u00dast\u00ed nad Labem, v&nbsp;roce 2017 zakotvil v&nbsp;soci\u00e1ln\u00edch slu\u017eb\u00e1ch &hellip; <\/p>\n<p class=\"link-more\"><a href=\"https:\/\/www.nasdecin.cz\/?page_id=203\" class=\"more-link\">Pokra\u010dovat ve \u010dten\u00ed<span class=\"screen-reader-text\"> &#8222;Rostislav Sob\u00ed\u0161ek&#8220;<\/span><\/a><\/p>\n","protected":false},"author":1,"featured_media":0,"parent":0,"menu_order":0,"comment_status":"closed","ping_status":"closed","template":"","meta":{"_bbp_topic_count":0,"_bbp_reply_count":0,"_bbp_total_topic_count":0,"_bbp_total_reply_count":0,"_bbp_voice_count":0,"_bbp_anonymous_reply_count":0,"_bbp_topic_count_hidden":0,"_bbp_reply_count_hidden":0,"_bbp_forum_subforum_count":0,"footnotes":""},"class_list":["post-203","page","type-page","status-publish","hentry"],"_links":{"self":[{"href":"https:\/\/www.nasdecin.cz\/index.php?rest_route=\/wp\/v2\/pages\/203","targetHints":{"allow":["GET"]}}],"collection":[{"href":"https:\/\/www.nasdecin.cz\/index.php?rest_route=\/wp\/v2\/pages"}],"about":[{"href":"https:\/\/www.nasdecin.cz\/index.php?rest_route=\/wp\/v2\/types\/page"}],"author":[{"embeddable":true,"href":"https:\/\/www.nasdecin.cz\/index.php?rest_route=\/wp\/v2\/users\/1"}],"replies":[{"embeddable":true,"href":"https:\/\/www.nasdecin.cz\/index.php?rest_route=%2Fwp%2Fv2%2Fcomments&post=203"}],"version-history":[{"count":1,"href":"https:\/\/www.nasdecin.cz\/index.php?rest_route=\/wp\/v2\/pages\/203\/revisions"}],"predecessor-version":[{"id":210,"href":"https:\/\/www.nasdecin.cz\/index.php?rest_route=\/wp\/v2\/pages\/203\/revisions\/210"}],"wp:attachment":[{"href":"https:\/\/www.nasdecin.cz\/index.php?rest_route=%2Fwp%2Fv2%2Fmedia&parent=203"}],"curies":[{"name":"wp","href":"https:\/\/api.w.org\/{rel}","templated":true}]}}

Rostislav Sobíšek

<p>Pracuje v&nbsp;sociálních službách – jako kontaktní a terénní pracovník K-centra Děčín. V&nbsp;současné době dokončuje studia na PF UJEP oboru Sociální pedagogika.&nbsp;</p>



<p>V letech 2019–2021 působil jako člen kulturní komise v&nbsp;Děčíně.</p>



<p>Původní profesí brusič skla, v devadesátých letech pracoval jako OSVČ.&nbsp;Poté následovala kariéra vychovatele v&nbsp;různých zařízeních v&nbsp;Děčíně a Ústí nad Labem, v&nbsp;roce 2017 zakotvil v&nbsp;sociálních službách v&nbsp;děčínském „káčku“, kde pracuje s&nbsp;uživateli nelegálních psychotropních látek. V&nbsp;týmu je pověstný svou zásadovostí, principiálností, pracovitostí a odzbrojujícím smyslem pro humor.</p>



<p>Aktivně se věnuje sportu (především florbalu a hokejbalu) a hudbě. Od roku 2017 je členem rockové skupiny Kronwell, která pravidelně svými vystoupení vyvolává světový rozruch, především – na Děčínsku …podílí se na tvorbě hudby a textů, zpívá a hraje na punkové banjo.&nbsp;</p>



<p>Ve volném čase se věnuje rodině.</p>



<p>52 let žije v&nbsp;Děčíně, který považuje za krásné město s&nbsp;velikým, doposud plně nevyužitým potenciálem.&nbsp;</p>



<p><strong>Motto: </strong>„Nevěř ostnatému drátu, byť by se stokrát tvářil jako stonek růže.“ (Karel Kryl)<br><br><strong>Proč kandiduji: </strong>Protože mi není lhostejné, v jakém městě žiji. Protože mě trápí, že Děčín je považován za zaostalé a rozvojové město bez perspektivy; a konečně: protože jsem našel platformu lidí, kteří mají na veřejné dění podobný náhled jako já a kterým nechybí vize, tah na branku a schopnost a vůle měnit věci.</p>



<figure class="wp-block-gallery has-nested-images columns-default is-cropped wp-block-gallery-1 is-layout-flex wp-block-gallery-is-layout-flex">
<figure class="wp-block-image size-large"><img loading="lazy" decoding="async" width="759" height="1038" data-id="204" src="http://www.nasdecin.cz/wp-content/uploads/2022/07/IMG_1403m.jpg" alt="" class="wp-image-204" srcset="https://www.nasdecin.cz/wp-content/uploads/2022/07/IMG_1403m.jpg 759w, https://www.nasdecin.cz/wp-content/uploads/2022/07/IMG_1403m-219x300.jpg 219w, https://www.nasdecin.cz/wp-content/uploads/2022/07/IMG_1403m-749x1024.jpg 749w" sizes="auto, (max-width: 706px) 89vw, (max-width: 767px) 82vw, 740px" /></figure>



<figure class="wp-block-image size-large"><img loading="lazy" decoding="async" width="810" height="1440" data-id="205" src="http://www.nasdecin.cz/wp-content/uploads/2022/07/19956818_1476479089062405_1107803364517600238_o.jpg" alt="" class="wp-image-205" srcset="https://www.nasdecin.cz/wp-content/uploads/2022/07/19956818_1476479089062405_1107803364517600238_o.jpg 810w, https://www.nasdecin.cz/wp-content/uploads/2022/07/19956818_1476479089062405_1107803364517600238_o-169x300.jpg 169w, https://www.nasdecin.cz/wp-content/uploads/2022/07/19956818_1476479089062405_1107803364517600238_o-576x1024.jpg 576w, https://www.nasdecin.cz/wp-content/uploads/2022/07/19956818_1476479089062405_1107803364517600238_o-768x1365.jpg 768w" sizes="auto, (max-width: 706px) 89vw, (max-width: 767px) 82vw, 740px" /></figure>



<figure class="wp-block-image size-large"><img loading="lazy" decoding="async" width="386" height="681" data-id="206" src="http://www.nasdecin.cz/wp-content/uploads/2022/07/42196457_10212736108861132_1867985344087982080_n.jpg" alt="" class="wp-image-206" srcset="https://www.nasdecin.cz/wp-content/uploads/2022/07/42196457_10212736108861132_1867985344087982080_n.jpg 386w, https://www.nasdecin.cz/wp-content/uploads/2022/07/42196457_10212736108861132_1867985344087982080_n-170x300.jpg 170w" sizes="auto, (max-width: 386px) 100vw, 386px" /></figure>



<figure class="wp-block-image size-large"><img loading="lazy" decoding="async" width="2048" height="1365" data-id="207" src="http://www.nasdecin.cz/wp-content/uploads/2022/07/83155082_2742008715866970_7730535481728827392_n.jpg" alt="" class="wp-image-207" srcset="https://www.nasdecin.cz/wp-content/uploads/2022/07/83155082_2742008715866970_7730535481728827392_n.jpg 2048w, https://www.nasdecin.cz/wp-content/uploads/2022/07/83155082_2742008715866970_7730535481728827392_n-300x200.jpg 300w, https://www.nasdecin.cz/wp-content/uploads/2022/07/83155082_2742008715866970_7730535481728827392_n-1024x683.jpg 1024w, https://www.nasdecin.cz/wp-content/uploads/2022/07/83155082_2742008715866970_7730535481728827392_n-768x512.jpg 768w, https://www.nasdecin.cz/wp-content/uploads/2022/07/83155082_2742008715866970_7730535481728827392_n-1536x1024.jpg 1536w" sizes="auto, (max-width: 706px) 89vw, (max-width: 767px) 82vw, 740px" /></figure>



<figure class="wp-block-image size-large"><img loading="lazy" decoding="async" width="2048" height="1356" data-id="208" src="http://www.nasdecin.cz/wp-content/uploads/2022/07/117015606_10216355063423076_6509102453014020854_n.jpg" alt="" class="wp-image-208" srcset="https://www.nasdecin.cz/wp-content/uploads/2022/07/117015606_10216355063423076_6509102453014020854_n.jpg 2048w, https://www.nasdecin.cz/wp-content/uploads/2022/07/117015606_10216355063423076_6509102453014020854_n-300x199.jpg 300w, https://www.nasdecin.cz/wp-content/uploads/2022/07/117015606_10216355063423076_6509102453014020854_n-1024x678.jpg 1024w, https://www.nasdecin.cz/wp-content/uploads/2022/07/117015606_10216355063423076_6509102453014020854_n-768x509.jpg 768w, https://www.nasdecin.cz/wp-content/uploads/2022/07/117015606_10216355063423076_6509102453014020854_n-1536x1017.jpg 1536w" sizes="auto, (max-width: 706px) 89vw, (max-width: 767px) 82vw, 740px" /></figure>



<figure class="wp-block-image size-large"><img loading="lazy" decoding="async" width="1440" height="1080" data-id="209" src="http://www.nasdecin.cz/wp-content/uploads/2022/07/66195718_2606258826065622_3557500095354109952_n.jpg" alt="" class="wp-image-209" srcset="https://www.nasdecin.cz/wp-content/uploads/2022/07/66195718_2606258826065622_3557500095354109952_n.jpg 1440w, https://www.nasdecin.cz/wp-content/uploads/2022/07/66195718_2606258826065622_3557500095354109952_n-300x225.jpg 300w, https://www.nasdecin.cz/wp-content/uploads/2022/07/66195718_2606258826065622_3557500095354109952_n-1024x768.jpg 1024w, https://www.nasdecin.cz/wp-content/uploads/2022/07/66195718_2606258826065622_3557500095354109952_n-768x576.jpg 768w" sizes="auto, (max-width: 706px) 89vw, (max-width: 767px) 82vw, 740px" /></figure>
</figure>

<p>Pracuje v&nbsp;sociálních službách – jako kontaktní a terénní pracovník K-centra Děčín. V&nbsp;současné době dokončuje studia na PF UJEP oboru Sociální pedagogika.&nbsp; V letech 2019–2021 působil jako člen kulturní komise v&nbsp;Děčíně. Původní profesí brusič skla, v devadesátých letech pracoval jako OSVČ.&nbsp;Poté následovala kariéra vychovatele v&nbsp;různých zařízeních v&nbsp;Děčíně a Ústí nad Labem, v&nbsp;roce 2017 zakotvil v&nbsp;sociálních službách &hellip; </p>
<p class="link-more"><a href="https://www.nasdecin.cz/?page_id=203" class="more-link">Pokračovat ve čtení<span class="screen-reader-text"> &#8222;Rostislav Sobíšek&#8220;</span></a></p>
