{"id":147,"date":"2022-06-16T12:21:31","date_gmt":"2022-06-16T12:21:31","guid":{"rendered":"https:\/\/www.nasdecin.cz\/?page_id=147"},"modified":"2022-06-26T07:01:28","modified_gmt":"2022-06-26T07:01:28","slug":"mgr-ondrej-michalek","status":"publish","type":"page","link":"https:\/\/www.nasdecin.cz\/?page_id=147","title":{"rendered":"Mgr. Ond\u0159ej Mich\u00e1lek"},"content":{"rendered":"<div class=\"wp-block-image\">\n<figure class=\"aligncenter size-full is-resized\"><img loading=\"lazy\" decoding=\"async\" src=\"http:\/\/www.nasdecin.cz\/wp-content\/uploads\/2022\/06\/m-IMG_8952.jpg\" alt=\"\" class=\"wp-image-154\" width=\"364\" height=\"500\" srcset=\"https:\/\/www.nasdecin.cz\/wp-content\/uploads\/2022\/06\/m-IMG_8952.jpg 728w, https:\/\/www.nasdecin.cz\/wp-content\/uploads\/2022\/06\/m-IMG_8952-218x300.jpg 218w\" sizes=\"auto, (max-width: 364px) 100vw, 364px\" \/><figcaption>Ond\u0159ej Mich\u00e1lek<\/figcaption><\/figure>\n<\/div>\n\n\n<p>Z\u00e1stupce \u0159editele Z\u0160 a M\u0160 D\u011b\u010d\u00edn III, B\u0159ezov\u00e1 369\/25,. a u\u010ditel matematiky a t\u011blesn\u00e9 v\u00fdchovy. Od roku 2006 se v\u011bnuje d\u011btem jako hokejov\u00fd tren\u00e9r ml\u00e1de\u017ee HC D\u011b\u010d\u00edn, kdy v roce 2015 dos\u00e1hl ocen\u011bn\u00ed v sout\u011b\u017ei D\u00edky, tren\u00e9re! kdy z celkov\u00e9ho po\u010dtu 1503 nominovan\u00fdch tren\u00e9r\u016f ze v\u0161ech sportovn\u00edch odv\u011btv\u00ed skon\u010dil na 3. m\u00edst\u011b. Pedagog a sportovec t\u011blem i du\u0161\u00ed, jeho\u017e nejobl\u00edben\u011bj\u0161\u00edm sportem je ledn\u00ed hokej. Postavit se um\u00ed ke v\u0161em sport\u016fm. Mezi jeho dal\u0161\u00ed z\u00e1liby pat\u0159\u00ed tak\u00e9 proch\u00e1zky v p\u0159\u00edrod\u011b, a v neposledn\u00ed \u0159ad\u011b dobr\u00e9 j\u00eddlo.<br>Narodil se v D\u011b\u010d\u00edn\u011b, kde po cel\u00fd \u017eivot vyr\u016fstal v \u010d\u00e1sti Boletice nad Labem. Aktu\u00e1ln\u011b p\u0159es\u00eddlil na lev\u00fd b\u0159eh Labe do Mal\u0161ovic. Ve sv\u00e9m voln\u00e9m \u010dase se v\u011bnuje studiu, \u010detb\u011b odborn\u00fdch \u010dl\u00e1nk\u016f a podcast\u016fm s oblast\u00ed psychologie. Ve sv\u00e9m profesn\u00edm \u017eivot\u011b si zakl\u00e1d\u00e1 na profesionalit\u011b, dochvilnosti a c\u00edlev\u011bdomosti. M\u00e1 r\u00e1d pozitivn\u00ed p\u0159\u00edstup a d\u00edky sv\u00e9 profesi m\u00e1 v\u00fdborn\u00e9 organiza\u010dn\u00ed schopnosti.<\/p>\n\n\n\n<p>Motto:<br>Nez\u00e1le\u017e\u00ed na tom, kolikr\u00e1t v \u017eivot\u011b upadne\u0161, ale kolikr\u00e1t dok\u00e1\u017ee\u0161 vst\u00e1t a j\u00edt d\u00e1l.<\/p>\n\n\n\n<p>Pro\u010d kandiduji:<br>Bav\u00ed m\u011b spolupracovat s lidmi, kter\u00fdm jde o stejnou my\u0161lenku &#8211; rozv\u00edjet a vylep\u0161ovat na\u0161e m\u011bsto ve v\u0161ech jeho ohledech, co\u017e by m\u011blo b\u00fdt na \u00farovni m\u011bstsk\u00fdch voleb prioritou ka\u017ed\u00e9ho kandid\u00e1ta.<\/p>\n\n\n\n<figure class=\"wp-block-gallery has-nested-images columns-default is-cropped wp-block-gallery-1 is-layout-flex wp-block-gallery-is-layout-flex\">\n<figure class=\"wp-block-image size-large\"><img loading=\"lazy\" decoding=\"async\" width=\"958\" height=\"1280\" data-id=\"148\" src=\"http:\/\/www.nasdecin.cz\/wp-content\/uploads\/2022\/06\/3f857a07-9140-4fa4-93b5-f33035b6bdc4.jpeg\" alt=\"\" class=\"wp-image-148\" srcset=\"https:\/\/www.nasdecin.cz\/wp-content\/uploads\/2022\/06\/3f857a07-9140-4fa4-93b5-f33035b6bdc4.jpeg 958w, https:\/\/www.nasdecin.cz\/wp-content\/uploads\/2022\/06\/3f857a07-9140-4fa4-93b5-f33035b6bdc4-225x300.jpeg 225w, https:\/\/www.nasdecin.cz\/wp-content\/uploads\/2022\/06\/3f857a07-9140-4fa4-93b5-f33035b6bdc4-766x1024.jpeg 766w, https:\/\/www.nasdecin.cz\/wp-content\/uploads\/2022\/06\/3f857a07-9140-4fa4-93b5-f33035b6bdc4-768x1026.jpeg 768w\" sizes=\"auto, (max-width: 706px) 89vw, (max-width: 767px) 82vw, 740px\" \/><\/figure>\n\n\n\n<figure class=\"wp-block-image size-large\"><img loading=\"lazy\" decoding=\"async\" width=\"1280\" height=\"721\" data-id=\"149\" src=\"http:\/\/www.nasdecin.cz\/wp-content\/uploads\/2022\/06\/5F4671B7-AE4E-450E-B17C-24027AF65827-rotated.jpeg\" alt=\"\" class=\"wp-image-149\" srcset=\"https:\/\/www.nasdecin.cz\/wp-content\/uploads\/2022\/06\/5F4671B7-AE4E-450E-B17C-24027AF65827-rotated.jpeg 1280w, https:\/\/www.nasdecin.cz\/wp-content\/uploads\/2022\/06\/5F4671B7-AE4E-450E-B17C-24027AF65827-300x169.jpeg 300w, https:\/\/www.nasdecin.cz\/wp-content\/uploads\/2022\/06\/5F4671B7-AE4E-450E-B17C-24027AF65827-1024x577.jpeg 1024w, https:\/\/www.nasdecin.cz\/wp-content\/uploads\/2022\/06\/5F4671B7-AE4E-450E-B17C-24027AF65827-768x433.jpeg 768w\" sizes=\"auto, (max-width: 706px) 89vw, (max-width: 767px) 82vw, 740px\" \/><\/figure>\n\n\n\n<figure class=\"wp-block-image size-large\"><img loading=\"lazy\" decoding=\"async\" width=\"1280\" height=\"576\" data-id=\"150\" src=\"http:\/\/www.nasdecin.cz\/wp-content\/uploads\/2022\/06\/efc67eea-8207-4882-bbc9-7f1444abc61a-1.jpeg\" alt=\"\" class=\"wp-image-150\" srcset=\"https:\/\/www.nasdecin.cz\/wp-content\/uploads\/2022\/06\/efc67eea-8207-4882-bbc9-7f1444abc61a-1.jpeg 1280w, https:\/\/www.nasdecin.cz\/wp-content\/uploads\/2022\/06\/efc67eea-8207-4882-bbc9-7f1444abc61a-1-300x135.jpeg 300w, https:\/\/www.nasdecin.cz\/wp-content\/uploads\/2022\/06\/efc67eea-8207-4882-bbc9-7f1444abc61a-1-1024x461.jpeg 1024w, https:\/\/www.nasdecin.cz\/wp-content\/uploads\/2022\/06\/efc67eea-8207-4882-bbc9-7f1444abc61a-1-768x346.jpeg 768w\" sizes=\"auto, (max-width: 706px) 89vw, (max-width: 767px) 82vw, 740px\" \/><\/figure>\n\n\n\n<figure class=\"wp-block-image size-large\"><img loading=\"lazy\" decoding=\"async\" width=\"1278\" height=\"960\" data-id=\"151\" src=\"http:\/\/www.nasdecin.cz\/wp-content\/uploads\/2022\/06\/IMG_0307.jpeg\" alt=\"\" class=\"wp-image-151\" srcset=\"https:\/\/www.nasdecin.cz\/wp-content\/uploads\/2022\/06\/IMG_0307.jpeg 1278w, https:\/\/www.nasdecin.cz\/wp-content\/uploads\/2022\/06\/IMG_0307-300x225.jpeg 300w, https:\/\/www.nasdecin.cz\/wp-content\/uploads\/2022\/06\/IMG_0307-1024x769.jpeg 1024w, https:\/\/www.nasdecin.cz\/wp-content\/uploads\/2022\/06\/IMG_0307-768x577.jpeg 768w\" sizes=\"auto, (max-width: 706px) 89vw, (max-width: 767px) 82vw, 740px\" \/><\/figure>\n\n\n\n<figure class=\"wp-block-image size-large\"><img loading=\"lazy\" decoding=\"async\" width=\"960\" height=\"1278\" data-id=\"152\" src=\"http:\/\/www.nasdecin.cz\/wp-content\/uploads\/2022\/06\/IMG_4734-rotated.jpeg\" alt=\"\" class=\"wp-image-152\" srcset=\"https:\/\/www.nasdecin.cz\/wp-content\/uploads\/2022\/06\/IMG_4734-rotated.jpeg 960w, https:\/\/www.nasdecin.cz\/wp-content\/uploads\/2022\/06\/IMG_4734-225x300.jpeg 225w, https:\/\/www.nasdecin.cz\/wp-content\/uploads\/2022\/06\/IMG_4734-769x1024.jpeg 769w, https:\/\/www.nasdecin.cz\/wp-content\/uploads\/2022\/06\/IMG_4734-768x1022.jpeg 768w\" sizes=\"auto, (max-width: 706px) 89vw, (max-width: 767px) 82vw, 740px\" \/><\/figure>\n\n\n\n<figure class=\"wp-block-image size-large\"><img loading=\"lazy\" decoding=\"async\" width=\"1278\" height=\"960\" data-id=\"153\" src=\"http:\/\/www.nasdecin.cz\/wp-content\/uploads\/2022\/06\/IMG_6407-rotated.jpeg\" alt=\"\" class=\"wp-image-153\" srcset=\"https:\/\/www.nasdecin.cz\/wp-content\/uploads\/2022\/06\/IMG_6407-rotated.jpeg 1278w, https:\/\/www.nasdecin.cz\/wp-content\/uploads\/2022\/06\/IMG_6407-300x225.jpeg 300w, https:\/\/www.nasdecin.cz\/wp-content\/uploads\/2022\/06\/IMG_6407-1024x769.jpeg 1024w, https:\/\/www.nasdecin.cz\/wp-content\/uploads\/2022\/06\/IMG_6407-768x577.jpeg 768w\" sizes=\"auto, (max-width: 706px) 89vw, (max-width: 767px) 82vw, 740px\" \/><\/figure>\n\n\n\n<figure class=\"wp-block-image size-large\"><img loading=\"lazy\" decoding=\"async\" width=\"629\" height=\"1024\" data-id=\"155\" src=\"http:\/\/www.nasdecin.cz\/wp-content\/uploads\/2022\/06\/unnamed.jpg\" alt=\"\" class=\"wp-image-155\" srcset=\"https:\/\/www.nasdecin.cz\/wp-content\/uploads\/2022\/06\/unnamed.jpg 629w, https:\/\/www.nasdecin.cz\/wp-content\/uploads\/2022\/06\/unnamed-184x300.jpg 184w\" sizes=\"auto, (max-width: 629px) 100vw, 629px\" \/><\/figure>\n<\/figure>\n","protected":false},"excerpt":{"rendered":"<p>Z\u00e1stupce \u0159editele Z\u0160 a M\u0160 D\u011b\u010d\u00edn III, B\u0159ezov\u00e1 369\/25,. a u\u010ditel matematiky a t\u011blesn\u00e9 v\u00fdchovy. Od roku 2006 se v\u011bnuje d\u011btem jako hokejov\u00fd tren\u00e9r ml\u00e1de\u017ee HC D\u011b\u010d\u00edn, kdy v roce 2015 dos\u00e1hl ocen\u011bn\u00ed v sout\u011b\u017ei D\u00edky, tren\u00e9re! kdy z celkov\u00e9ho po\u010dtu 1503 nominovan\u00fdch tren\u00e9r\u016f ze v\u0161ech sportovn\u00edch odv\u011btv\u00ed skon\u010dil na 3. m\u00edst\u011b. Pedagog a sportovec &hellip; <\/p>\n<p class=\"link-more\"><a href=\"https:\/\/www.nasdecin.cz\/?page_id=147\" class=\"more-link\">Pokra\u010dovat ve \u010dten\u00ed<span class=\"screen-reader-text\"> &#8222;Mgr. Ond\u0159ej Mich\u00e1lek&#8220;<\/span><\/a><\/p>\n","protected":false},"author":1,"featured_media":0,"parent":0,"menu_order":0,"comment_status":"closed","ping_status":"closed","template":"","meta":{"_bbp_topic_count":0,"_bbp_reply_count":0,"_bbp_total_topic_count":0,"_bbp_total_reply_count":0,"_bbp_voice_count":0,"_bbp_anonymous_reply_count":0,"_bbp_topic_count_hidden":0,"_bbp_reply_count_hidden":0,"_bbp_forum_subforum_count":0,"footnotes":""},"class_list":["post-147","page","type-page","status-publish","hentry"],"_links":{"self":[{"href":"https:\/\/www.nasdecin.cz\/index.php?rest_route=\/wp\/v2\/pages\/147","targetHints":{"allow":["GET"]}}],"collection":[{"href":"https:\/\/www.nasdecin.cz\/index.php?rest_route=\/wp\/v2\/pages"}],"about":[{"href":"https:\/\/www.nasdecin.cz\/index.php?rest_route=\/wp\/v2\/types\/page"}],"author":[{"embeddable":true,"href":"https:\/\/www.nasdecin.cz\/index.php?rest_route=\/wp\/v2\/users\/1"}],"replies":[{"embeddable":true,"href":"https:\/\/www.nasdecin.cz\/index.php?rest_route=%2Fwp%2Fv2%2Fcomments&post=147"}],"version-history":[{"count":2,"href":"https:\/\/www.nasdecin.cz\/index.php?rest_route=\/wp\/v2\/pages\/147\/revisions"}],"predecessor-version":[{"id":172,"href":"https:\/\/www.nasdecin.cz\/index.php?rest_route=\/wp\/v2\/pages\/147\/revisions\/172"}],"wp:attachment":[{"href":"https:\/\/www.nasdecin.cz\/index.php?rest_route=%2Fwp%2Fv2%2Fmedia&parent=147"}],"curies":[{"name":"wp","href":"https:\/\/api.w.org\/{rel}","templated":true}]}}

Mgr. Ondřej Michálek

<div class="wp-block-image">
<figure class="aligncenter size-full is-resized"><img loading="lazy" decoding="async" src="http://www.nasdecin.cz/wp-content/uploads/2022/06/m-IMG_8952.jpg" alt="" class="wp-image-154" width="364" height="500" srcset="https://www.nasdecin.cz/wp-content/uploads/2022/06/m-IMG_8952.jpg 728w, https://www.nasdecin.cz/wp-content/uploads/2022/06/m-IMG_8952-218x300.jpg 218w" sizes="auto, (max-width: 364px) 100vw, 364px" /><figcaption>Ondřej Michálek</figcaption></figure>
</div>


<p>Zástupce ředitele ZŠ a MŠ Děčín III, Březová 369/25,. a učitel matematiky a tělesné výchovy. Od roku 2006 se věnuje dětem jako hokejový trenér mládeže HC Děčín, kdy v roce 2015 dosáhl ocenění v soutěži Díky, trenére! kdy z celkového počtu 1503 nominovaných trenérů ze všech sportovních odvětví skončil na 3. místě. Pedagog a sportovec tělem i duší, jehož nejoblíbenějším sportem je lední hokej. Postavit se umí ke všem sportům. Mezi jeho další záliby patří také procházky v přírodě, a v neposlední řadě dobré jídlo.<br>Narodil se v Děčíně, kde po celý život vyrůstal v části Boletice nad Labem. Aktuálně přesídlil na levý břeh Labe do Malšovic. Ve svém volném čase se věnuje studiu, četbě odborných článků a podcastům s oblastí psychologie. Ve svém profesním životě si zakládá na profesionalitě, dochvilnosti a cílevědomosti. Má rád pozitivní přístup a díky své profesi má výborné organizační schopnosti.</p>



<p>Motto:<br>Nezáleží na tom, kolikrát v životě upadneš, ale kolikrát dokážeš vstát a jít dál.</p>



<p>Proč kandiduji:<br>Baví mě spolupracovat s lidmi, kterým jde o stejnou myšlenku &#8211; rozvíjet a vylepšovat naše město ve všech jeho ohledech, což by mělo být na úrovni městských voleb prioritou každého kandidáta.</p>



<figure class="wp-block-gallery has-nested-images columns-default is-cropped wp-block-gallery-1 is-layout-flex wp-block-gallery-is-layout-flex">
<figure class="wp-block-image size-large"><img loading="lazy" decoding="async" width="958" height="1280" data-id="148" src="http://www.nasdecin.cz/wp-content/uploads/2022/06/3f857a07-9140-4fa4-93b5-f33035b6bdc4.jpeg" alt="" class="wp-image-148" srcset="https://www.nasdecin.cz/wp-content/uploads/2022/06/3f857a07-9140-4fa4-93b5-f33035b6bdc4.jpeg 958w, https://www.nasdecin.cz/wp-content/uploads/2022/06/3f857a07-9140-4fa4-93b5-f33035b6bdc4-225x300.jpeg 225w, https://www.nasdecin.cz/wp-content/uploads/2022/06/3f857a07-9140-4fa4-93b5-f33035b6bdc4-766x1024.jpeg 766w, https://www.nasdecin.cz/wp-content/uploads/2022/06/3f857a07-9140-4fa4-93b5-f33035b6bdc4-768x1026.jpeg 768w" sizes="auto, (max-width: 706px) 89vw, (max-width: 767px) 82vw, 740px" /></figure>



<figure class="wp-block-image size-large"><img loading="lazy" decoding="async" width="1280" height="721" data-id="149" src="http://www.nasdecin.cz/wp-content/uploads/2022/06/5F4671B7-AE4E-450E-B17C-24027AF65827-rotated.jpeg" alt="" class="wp-image-149" srcset="https://www.nasdecin.cz/wp-content/uploads/2022/06/5F4671B7-AE4E-450E-B17C-24027AF65827-rotated.jpeg 1280w, https://www.nasdecin.cz/wp-content/uploads/2022/06/5F4671B7-AE4E-450E-B17C-24027AF65827-300x169.jpeg 300w, https://www.nasdecin.cz/wp-content/uploads/2022/06/5F4671B7-AE4E-450E-B17C-24027AF65827-1024x577.jpeg 1024w, https://www.nasdecin.cz/wp-content/uploads/2022/06/5F4671B7-AE4E-450E-B17C-24027AF65827-768x433.jpeg 768w" sizes="auto, (max-width: 706px) 89vw, (max-width: 767px) 82vw, 740px" /></figure>



<figure class="wp-block-image size-large"><img loading="lazy" decoding="async" width="1280" height="576" data-id="150" src="http://www.nasdecin.cz/wp-content/uploads/2022/06/efc67eea-8207-4882-bbc9-7f1444abc61a-1.jpeg" alt="" class="wp-image-150" srcset="https://www.nasdecin.cz/wp-content/uploads/2022/06/efc67eea-8207-4882-bbc9-7f1444abc61a-1.jpeg 1280w, https://www.nasdecin.cz/wp-content/uploads/2022/06/efc67eea-8207-4882-bbc9-7f1444abc61a-1-300x135.jpeg 300w, https://www.nasdecin.cz/wp-content/uploads/2022/06/efc67eea-8207-4882-bbc9-7f1444abc61a-1-1024x461.jpeg 1024w, https://www.nasdecin.cz/wp-content/uploads/2022/06/efc67eea-8207-4882-bbc9-7f1444abc61a-1-768x346.jpeg 768w" sizes="auto, (max-width: 706px) 89vw, (max-width: 767px) 82vw, 740px" /></figure>



<figure class="wp-block-image size-large"><img loading="lazy" decoding="async" width="1278" height="960" data-id="151" src="http://www.nasdecin.cz/wp-content/uploads/2022/06/IMG_0307.jpeg" alt="" class="wp-image-151" srcset="https://www.nasdecin.cz/wp-content/uploads/2022/06/IMG_0307.jpeg 1278w, https://www.nasdecin.cz/wp-content/uploads/2022/06/IMG_0307-300x225.jpeg 300w, https://www.nasdecin.cz/wp-content/uploads/2022/06/IMG_0307-1024x769.jpeg 1024w, https://www.nasdecin.cz/wp-content/uploads/2022/06/IMG_0307-768x577.jpeg 768w" sizes="auto, (max-width: 706px) 89vw, (max-width: 767px) 82vw, 740px" /></figure>



<figure class="wp-block-image size-large"><img loading="lazy" decoding="async" width="960" height="1278" data-id="152" src="http://www.nasdecin.cz/wp-content/uploads/2022/06/IMG_4734-rotated.jpeg" alt="" class="wp-image-152" srcset="https://www.nasdecin.cz/wp-content/uploads/2022/06/IMG_4734-rotated.jpeg 960w, https://www.nasdecin.cz/wp-content/uploads/2022/06/IMG_4734-225x300.jpeg 225w, https://www.nasdecin.cz/wp-content/uploads/2022/06/IMG_4734-769x1024.jpeg 769w, https://www.nasdecin.cz/wp-content/uploads/2022/06/IMG_4734-768x1022.jpeg 768w" sizes="auto, (max-width: 706px) 89vw, (max-width: 767px) 82vw, 740px" /></figure>



<figure class="wp-block-image size-large"><img loading="lazy" decoding="async" width="1278" height="960" data-id="153" src="http://www.nasdecin.cz/wp-content/uploads/2022/06/IMG_6407-rotated.jpeg" alt="" class="wp-image-153" srcset="https://www.nasdecin.cz/wp-content/uploads/2022/06/IMG_6407-rotated.jpeg 1278w, https://www.nasdecin.cz/wp-content/uploads/2022/06/IMG_6407-300x225.jpeg 300w, https://www.nasdecin.cz/wp-content/uploads/2022/06/IMG_6407-1024x769.jpeg 1024w, https://www.nasdecin.cz/wp-content/uploads/2022/06/IMG_6407-768x577.jpeg 768w" sizes="auto, (max-width: 706px) 89vw, (max-width: 767px) 82vw, 740px" /></figure>



<figure class="wp-block-image size-large"><img loading="lazy" decoding="async" width="629" height="1024" data-id="155" src="http://www.nasdecin.cz/wp-content/uploads/2022/06/unnamed.jpg" alt="" class="wp-image-155" srcset="https://www.nasdecin.cz/wp-content/uploads/2022/06/unnamed.jpg 629w, https://www.nasdecin.cz/wp-content/uploads/2022/06/unnamed-184x300.jpg 184w" sizes="auto, (max-width: 629px) 100vw, 629px" /></figure>
</figure>

<p>Zástupce ředitele ZŠ a MŠ Děčín III, Březová 369/25,. a učitel matematiky a tělesné výchovy. Od roku 2006 se věnuje dětem jako hokejový trenér mládeže HC Děčín, kdy v roce 2015 dosáhl ocenění v soutěži Díky, trenére! kdy z celkového počtu 1503 nominovaných trenérů ze všech sportovních odvětví skončil na 3. místě. Pedagog a sportovec &hellip; </p>
<p class="link-more"><a href="https://www.nasdecin.cz/?page_id=147" class="more-link">Pokračovat ve čtení<span class="screen-reader-text"> &#8222;Mgr. Ondřej Michálek&#8220;</span></a></p>
