{"id":116,"date":"2022-06-07T14:36:28","date_gmt":"2022-06-07T14:36:28","guid":{"rendered":"https:\/\/www.nasdecin.cz\/?page_id=116"},"modified":"2022-08-05T05:41:19","modified_gmt":"2022-08-05T05:41:19","slug":"mgr-vlastislav-hlavac","status":"publish","type":"page","link":"https:\/\/www.nasdecin.cz\/?page_id=116","title":{"rendered":"Mgr. Vlastislav Hlav\u00e1\u010d"},"content":{"rendered":"<div class=\"wp-block-image\">\n<figure class=\"aligncenter size-large is-resized\"><img loading=\"lazy\" decoding=\"async\" src=\"http:\/\/www.nasdecin.cz\/wp-content\/uploads\/2022\/06\/m-IMG_8807-723x1024.jpg\" alt=\"\" class=\"wp-image-120\" width=\"362\" height=\"512\" srcset=\"https:\/\/www.nasdecin.cz\/wp-content\/uploads\/2022\/06\/m-IMG_8807-723x1024.jpg 723w, https:\/\/www.nasdecin.cz\/wp-content\/uploads\/2022\/06\/m-IMG_8807-212x300.jpg 212w, https:\/\/www.nasdecin.cz\/wp-content\/uploads\/2022\/06\/m-IMG_8807.jpg 750w\" sizes=\"auto, (max-width: 362px) 100vw, 362px\" \/><figcaption>Vlastislav Hlav\u00e1\u010d<\/figcaption><\/figure>\n<\/div>\n\n\n<p>\u0158editel Kontaktn\u00edho pracovi\u0161t\u011b \u00da\u0159adu pr\u00e1ce \u010cR v&nbsp;D\u011b\u010d\u00edn\u011b<\/p>\n\n\n\n<p>Rodil\u00fd D\u011b\u010d\u00ed\u0148\u00e1k, otec dvou d\u011bt\u00ed, vystudoval soci\u00e1ln\u00ed pr\u00e1ci, ve\u0159ejnou a soci\u00e1ln\u00ed politiku. V&nbsp;t\u00e9to oblasti se pohybuje celou svou pracovn\u00ed kari\u00e9ru. Absolvoval zahrani\u010dn\u00ed st\u00e1\u017ee v&nbsp;Holandsku, Skotsku a N\u011bmecku. Byl u prvopo\u010d\u00e1tku nastaven\u00ed p\u0159eshrani\u010dn\u00ed spolupr\u00e1ce v&nbsp;r\u00e1mci poskytov\u00e1n\u00ed Evropsk\u00fdch slu\u017eeb zam\u011bstnanosti. P\u016fsobil jako \u010dlen pracovn\u00ed skupiny Trh pr\u00e1ce a zam\u011bstnanost Paktu zam\u011bstnanosti \u00dasteck\u00e9ho kraje. Voln\u00fd \u010das v\u011bnuje bl\u00edzk\u00e9 rodin\u011b, sv\u00fdm dv\u011bma d\u011btem a spole\u010dn\u00fdm z\u00e1lib\u00e1m. Je aktivn\u00edm sportovcem. M\u00e1 r\u00e1d t\u00fdmov\u00e9 sporty basketbal a fotbal.&nbsp;<\/p>\n\n\n\n<p>D\u00edky sv\u00fdm dosavadn\u00edm pracovn\u00edm zku\u0161enostem disponuje odborn\u00fdmi znalostmi, analytick\u00fdmi schopnostmi a mana\u017eersk\u00fdmi dovednostmi.<\/p>\n\n\n\n<p>Motto: Jsem pozitivn\u011b sm\u00fd\u0161lej\u00edc\u00ed t\u00fdmov\u00fd hr\u00e1\u010d. Do \u010deho se pust\u00edm, tomu se v\u011bnuji na 100 %. Vyzn\u00e1v\u00e1m slu\u0161nou, f\u00e9rovou a korektn\u00ed spolupr\u00e1ci.<\/p>\n\n\n\n<p>Pro\u010d kandiduji: Chci, aby D\u011b\u010d\u00edn bylo pro sv\u00e9 obyvatele m\u011bsto, kde cht\u011bj\u00ed \u017e\u00edt, studovat, pracovat, bavit se, ale i zest\u00e1rnout. Do politiky tak vstupuji s&nbsp;p\u0159edstavou, \u017ee mohu d\u011bn\u00ed v&nbsp;na\u0161em m\u011bst\u011b pozitivn\u011b ovlivnit, p\u0159edev\u0161\u00edm pak v&nbsp;ot\u00e1zk\u00e1ch \u0159e\u0161en\u00ed zam\u011bstnanosti, bezpe\u010dnosti a poskytov\u00e1n\u00ed soci\u00e1ln\u00edch slu\u017eeb.<\/p>\n\n\n\n<figure class=\"wp-block-gallery has-nested-images columns-default is-cropped wp-block-gallery-1 is-layout-flex wp-block-gallery-is-layout-flex\">\n<figure class=\"wp-block-image size-large\"><img loading=\"lazy\" decoding=\"async\" width=\"1920\" height=\"2560\" data-id=\"117\" src=\"http:\/\/www.nasdecin.cz\/wp-content\/uploads\/2022\/06\/20191203_132702-scaled.jpg\" alt=\"\" class=\"wp-image-117\" srcset=\"https:\/\/www.nasdecin.cz\/wp-content\/uploads\/2022\/06\/20191203_132702-scaled.jpg 1920w, https:\/\/www.nasdecin.cz\/wp-content\/uploads\/2022\/06\/20191203_132702-225x300.jpg 225w, https:\/\/www.nasdecin.cz\/wp-content\/uploads\/2022\/06\/20191203_132702-768x1024.jpg 768w, https:\/\/www.nasdecin.cz\/wp-content\/uploads\/2022\/06\/20191203_132702-1152x1536.jpg 1152w, https:\/\/www.nasdecin.cz\/wp-content\/uploads\/2022\/06\/20191203_132702-1536x2048.jpg 1536w\" sizes=\"auto, (max-width: 706px) 89vw, (max-width: 767px) 82vw, 740px\" \/><\/figure>\n\n\n\n<figure class=\"wp-block-image size-large\"><img loading=\"lazy\" decoding=\"async\" width=\"1920\" height=\"2560\" data-id=\"119\" src=\"http:\/\/www.nasdecin.cz\/wp-content\/uploads\/2022\/06\/IMG_20201022_153217-scaled.jpg\" alt=\"\" class=\"wp-image-119\" srcset=\"https:\/\/www.nasdecin.cz\/wp-content\/uploads\/2022\/06\/IMG_20201022_153217-scaled.jpg 1920w, https:\/\/www.nasdecin.cz\/wp-content\/uploads\/2022\/06\/IMG_20201022_153217-225x300.jpg 225w, https:\/\/www.nasdecin.cz\/wp-content\/uploads\/2022\/06\/IMG_20201022_153217-768x1024.jpg 768w, https:\/\/www.nasdecin.cz\/wp-content\/uploads\/2022\/06\/IMG_20201022_153217-1152x1536.jpg 1152w, https:\/\/www.nasdecin.cz\/wp-content\/uploads\/2022\/06\/IMG_20201022_153217-1536x2048.jpg 1536w\" sizes=\"auto, (max-width: 706px) 89vw, (max-width: 767px) 82vw, 740px\" \/><\/figure>\n\n\n\n<figure class=\"wp-block-image size-large\"><img loading=\"lazy\" decoding=\"async\" width=\"2560\" height=\"1925\" data-id=\"121\" src=\"http:\/\/www.nasdecin.cz\/wp-content\/uploads\/2022\/06\/SC166A5553-scaled.jpg\" alt=\"\" class=\"wp-image-121\" srcset=\"https:\/\/www.nasdecin.cz\/wp-content\/uploads\/2022\/06\/SC166A5553-scaled.jpg 2560w, https:\/\/www.nasdecin.cz\/wp-content\/uploads\/2022\/06\/SC166A5553-300x226.jpg 300w, https:\/\/www.nasdecin.cz\/wp-content\/uploads\/2022\/06\/SC166A5553-1024x770.jpg 1024w, https:\/\/www.nasdecin.cz\/wp-content\/uploads\/2022\/06\/SC166A5553-768x578.jpg 768w, https:\/\/www.nasdecin.cz\/wp-content\/uploads\/2022\/06\/SC166A5553-1536x1155.jpg 1536w, https:\/\/www.nasdecin.cz\/wp-content\/uploads\/2022\/06\/SC166A5553-2048x1540.jpg 2048w\" sizes=\"auto, (max-width: 706px) 89vw, (max-width: 767px) 82vw, 740px\" \/><\/figure>\n\n\n\n<figure class=\"wp-block-image size-large\"><img loading=\"lazy\" decoding=\"async\" width=\"2560\" height=\"1708\" data-id=\"122\" src=\"http:\/\/www.nasdecin.cz\/wp-content\/uploads\/2022\/06\/SCP1090414-scaled.jpg\" alt=\"\" class=\"wp-image-122\" srcset=\"https:\/\/www.nasdecin.cz\/wp-content\/uploads\/2022\/06\/SCP1090414-scaled.jpg 2560w, https:\/\/www.nasdecin.cz\/wp-content\/uploads\/2022\/06\/SCP1090414-300x200.jpg 300w, https:\/\/www.nasdecin.cz\/wp-content\/uploads\/2022\/06\/SCP1090414-1024x683.jpg 1024w, https:\/\/www.nasdecin.cz\/wp-content\/uploads\/2022\/06\/SCP1090414-768x512.jpg 768w, https:\/\/www.nasdecin.cz\/wp-content\/uploads\/2022\/06\/SCP1090414-1536x1025.jpg 1536w, https:\/\/www.nasdecin.cz\/wp-content\/uploads\/2022\/06\/SCP1090414-2048x1367.jpg 2048w\" sizes=\"auto, (max-width: 706px) 89vw, (max-width: 767px) 82vw, 740px\" \/><\/figure>\n\n\n\n<figure class=\"wp-block-image size-large\"><img loading=\"lazy\" decoding=\"async\" width=\"1348\" height=\"1694\" data-id=\"118\" src=\"http:\/\/www.nasdecin.cz\/wp-content\/uploads\/2022\/06\/DSC_0097-scaled-e1659677978575.jpg\" alt=\"\" class=\"wp-image-118\" srcset=\"https:\/\/www.nasdecin.cz\/wp-content\/uploads\/2022\/06\/DSC_0097-scaled-e1659677978575.jpg 1348w, https:\/\/www.nasdecin.cz\/wp-content\/uploads\/2022\/06\/DSC_0097-scaled-e1659677978575-239x300.jpg 239w, https:\/\/www.nasdecin.cz\/wp-content\/uploads\/2022\/06\/DSC_0097-scaled-e1659677978575-815x1024.jpg 815w, https:\/\/www.nasdecin.cz\/wp-content\/uploads\/2022\/06\/DSC_0097-scaled-e1659677978575-768x965.jpg 768w, https:\/\/www.nasdecin.cz\/wp-content\/uploads\/2022\/06\/DSC_0097-scaled-e1659677978575-1222x1536.jpg 1222w\" sizes=\"auto, (max-width: 706px) 89vw, (max-width: 767px) 82vw, 740px\" \/><\/figure>\n<\/figure>\n","protected":false},"excerpt":{"rendered":"<p>\u0158editel Kontaktn\u00edho pracovi\u0161t\u011b \u00da\u0159adu pr\u00e1ce \u010cR v&nbsp;D\u011b\u010d\u00edn\u011b Rodil\u00fd D\u011b\u010d\u00ed\u0148\u00e1k, otec dvou d\u011bt\u00ed, vystudoval soci\u00e1ln\u00ed pr\u00e1ci, ve\u0159ejnou a soci\u00e1ln\u00ed politiku. V&nbsp;t\u00e9to oblasti se pohybuje celou svou pracovn\u00ed kari\u00e9ru. Absolvoval zahrani\u010dn\u00ed st\u00e1\u017ee v&nbsp;Holandsku, Skotsku a N\u011bmecku. Byl u prvopo\u010d\u00e1tku nastaven\u00ed p\u0159eshrani\u010dn\u00ed spolupr\u00e1ce v&nbsp;r\u00e1mci poskytov\u00e1n\u00ed Evropsk\u00fdch slu\u017eeb zam\u011bstnanosti. P\u016fsobil jako \u010dlen pracovn\u00ed skupiny Trh pr\u00e1ce a zam\u011bstnanost Paktu &hellip; <\/p>\n<p class=\"link-more\"><a href=\"https:\/\/www.nasdecin.cz\/?page_id=116\" class=\"more-link\">Pokra\u010dovat ve \u010dten\u00ed<span class=\"screen-reader-text\"> &#8222;Mgr. Vlastislav Hlav\u00e1\u010d&#8220;<\/span><\/a><\/p>\n","protected":false},"author":1,"featured_media":0,"parent":0,"menu_order":0,"comment_status":"closed","ping_status":"closed","template":"","meta":{"_bbp_topic_count":0,"_bbp_reply_count":0,"_bbp_total_topic_count":0,"_bbp_total_reply_count":0,"_bbp_voice_count":0,"_bbp_anonymous_reply_count":0,"_bbp_topic_count_hidden":0,"_bbp_reply_count_hidden":0,"_bbp_forum_subforum_count":0,"footnotes":""},"class_list":["post-116","page","type-page","status-publish","hentry"],"_links":{"self":[{"href":"https:\/\/www.nasdecin.cz\/index.php?rest_route=\/wp\/v2\/pages\/116","targetHints":{"allow":["GET"]}}],"collection":[{"href":"https:\/\/www.nasdecin.cz\/index.php?rest_route=\/wp\/v2\/pages"}],"about":[{"href":"https:\/\/www.nasdecin.cz\/index.php?rest_route=\/wp\/v2\/types\/page"}],"author":[{"embeddable":true,"href":"https:\/\/www.nasdecin.cz\/index.php?rest_route=\/wp\/v2\/users\/1"}],"replies":[{"embeddable":true,"href":"https:\/\/www.nasdecin.cz\/index.php?rest_route=%2Fwp%2Fv2%2Fcomments&post=116"}],"version-history":[{"count":5,"href":"https:\/\/www.nasdecin.cz\/index.php?rest_route=\/wp\/v2\/pages\/116\/revisions"}],"predecessor-version":[{"id":248,"href":"https:\/\/www.nasdecin.cz\/index.php?rest_route=\/wp\/v2\/pages\/116\/revisions\/248"}],"wp:attachment":[{"href":"https:\/\/www.nasdecin.cz\/index.php?rest_route=%2Fwp%2Fv2%2Fmedia&parent=116"}],"curies":[{"name":"wp","href":"https:\/\/api.w.org\/{rel}","templated":true}]}}

Mgr. Vlastislav Hlaváč

<div class="wp-block-image">
<figure class="aligncenter size-large is-resized"><img loading="lazy" decoding="async" src="http://www.nasdecin.cz/wp-content/uploads/2022/06/m-IMG_8807-723x1024.jpg" alt="" class="wp-image-120" width="362" height="512" srcset="https://www.nasdecin.cz/wp-content/uploads/2022/06/m-IMG_8807-723x1024.jpg 723w, https://www.nasdecin.cz/wp-content/uploads/2022/06/m-IMG_8807-212x300.jpg 212w, https://www.nasdecin.cz/wp-content/uploads/2022/06/m-IMG_8807.jpg 750w" sizes="auto, (max-width: 362px) 100vw, 362px" /><figcaption>Vlastislav Hlaváč</figcaption></figure>
</div>


<p>Ředitel Kontaktního pracoviště Úřadu práce ČR v&nbsp;Děčíně</p>



<p>Rodilý Děčíňák, otec dvou dětí, vystudoval sociální práci, veřejnou a sociální politiku. V&nbsp;této oblasti se pohybuje celou svou pracovní kariéru. Absolvoval zahraniční stáže v&nbsp;Holandsku, Skotsku a Německu. Byl u prvopočátku nastavení přeshraniční spolupráce v&nbsp;rámci poskytování Evropských služeb zaměstnanosti. Působil jako člen pracovní skupiny Trh práce a zaměstnanost Paktu zaměstnanosti Ústeckého kraje. Volný čas věnuje blízké rodině, svým dvěma dětem a společným zálibám. Je aktivním sportovcem. Má rád týmové sporty basketbal a fotbal.&nbsp;</p>



<p>Díky svým dosavadním pracovním zkušenostem disponuje odbornými znalostmi, analytickými schopnostmi a manažerskými dovednostmi.</p>



<p>Motto: Jsem pozitivně smýšlející týmový hráč. Do čeho se pustím, tomu se věnuji na 100 %. Vyznávám slušnou, férovou a korektní spolupráci.</p>



<p>Proč kandiduji: Chci, aby Děčín bylo pro své obyvatele město, kde chtějí žít, studovat, pracovat, bavit se, ale i zestárnout. Do politiky tak vstupuji s&nbsp;představou, že mohu dění v&nbsp;našem městě pozitivně ovlivnit, především pak v&nbsp;otázkách řešení zaměstnanosti, bezpečnosti a poskytování sociálních služeb.</p>



<figure class="wp-block-gallery has-nested-images columns-default is-cropped wp-block-gallery-1 is-layout-flex wp-block-gallery-is-layout-flex">
<figure class="wp-block-image size-large"><img loading="lazy" decoding="async" width="1920" height="2560" data-id="117" src="http://www.nasdecin.cz/wp-content/uploads/2022/06/20191203_132702-scaled.jpg" alt="" class="wp-image-117" srcset="https://www.nasdecin.cz/wp-content/uploads/2022/06/20191203_132702-scaled.jpg 1920w, https://www.nasdecin.cz/wp-content/uploads/2022/06/20191203_132702-225x300.jpg 225w, https://www.nasdecin.cz/wp-content/uploads/2022/06/20191203_132702-768x1024.jpg 768w, https://www.nasdecin.cz/wp-content/uploads/2022/06/20191203_132702-1152x1536.jpg 1152w, https://www.nasdecin.cz/wp-content/uploads/2022/06/20191203_132702-1536x2048.jpg 1536w" sizes="auto, (max-width: 706px) 89vw, (max-width: 767px) 82vw, 740px" /></figure>



<figure class="wp-block-image size-large"><img loading="lazy" decoding="async" width="1920" height="2560" data-id="119" src="http://www.nasdecin.cz/wp-content/uploads/2022/06/IMG_20201022_153217-scaled.jpg" alt="" class="wp-image-119" srcset="https://www.nasdecin.cz/wp-content/uploads/2022/06/IMG_20201022_153217-scaled.jpg 1920w, https://www.nasdecin.cz/wp-content/uploads/2022/06/IMG_20201022_153217-225x300.jpg 225w, https://www.nasdecin.cz/wp-content/uploads/2022/06/IMG_20201022_153217-768x1024.jpg 768w, https://www.nasdecin.cz/wp-content/uploads/2022/06/IMG_20201022_153217-1152x1536.jpg 1152w, https://www.nasdecin.cz/wp-content/uploads/2022/06/IMG_20201022_153217-1536x2048.jpg 1536w" sizes="auto, (max-width: 706px) 89vw, (max-width: 767px) 82vw, 740px" /></figure>



<figure class="wp-block-image size-large"><img loading="lazy" decoding="async" width="2560" height="1925" data-id="121" src="http://www.nasdecin.cz/wp-content/uploads/2022/06/SC166A5553-scaled.jpg" alt="" class="wp-image-121" srcset="https://www.nasdecin.cz/wp-content/uploads/2022/06/SC166A5553-scaled.jpg 2560w, https://www.nasdecin.cz/wp-content/uploads/2022/06/SC166A5553-300x226.jpg 300w, https://www.nasdecin.cz/wp-content/uploads/2022/06/SC166A5553-1024x770.jpg 1024w, https://www.nasdecin.cz/wp-content/uploads/2022/06/SC166A5553-768x578.jpg 768w, https://www.nasdecin.cz/wp-content/uploads/2022/06/SC166A5553-1536x1155.jpg 1536w, https://www.nasdecin.cz/wp-content/uploads/2022/06/SC166A5553-2048x1540.jpg 2048w" sizes="auto, (max-width: 706px) 89vw, (max-width: 767px) 82vw, 740px" /></figure>



<figure class="wp-block-image size-large"><img loading="lazy" decoding="async" width="2560" height="1708" data-id="122" src="http://www.nasdecin.cz/wp-content/uploads/2022/06/SCP1090414-scaled.jpg" alt="" class="wp-image-122" srcset="https://www.nasdecin.cz/wp-content/uploads/2022/06/SCP1090414-scaled.jpg 2560w, https://www.nasdecin.cz/wp-content/uploads/2022/06/SCP1090414-300x200.jpg 300w, https://www.nasdecin.cz/wp-content/uploads/2022/06/SCP1090414-1024x683.jpg 1024w, https://www.nasdecin.cz/wp-content/uploads/2022/06/SCP1090414-768x512.jpg 768w, https://www.nasdecin.cz/wp-content/uploads/2022/06/SCP1090414-1536x1025.jpg 1536w, https://www.nasdecin.cz/wp-content/uploads/2022/06/SCP1090414-2048x1367.jpg 2048w" sizes="auto, (max-width: 706px) 89vw, (max-width: 767px) 82vw, 740px" /></figure>



<figure class="wp-block-image size-large"><img loading="lazy" decoding="async" width="1348" height="1694" data-id="118" src="http://www.nasdecin.cz/wp-content/uploads/2022/06/DSC_0097-scaled-e1659677978575.jpg" alt="" class="wp-image-118" srcset="https://www.nasdecin.cz/wp-content/uploads/2022/06/DSC_0097-scaled-e1659677978575.jpg 1348w, https://www.nasdecin.cz/wp-content/uploads/2022/06/DSC_0097-scaled-e1659677978575-239x300.jpg 239w, https://www.nasdecin.cz/wp-content/uploads/2022/06/DSC_0097-scaled-e1659677978575-815x1024.jpg 815w, https://www.nasdecin.cz/wp-content/uploads/2022/06/DSC_0097-scaled-e1659677978575-768x965.jpg 768w, https://www.nasdecin.cz/wp-content/uploads/2022/06/DSC_0097-scaled-e1659677978575-1222x1536.jpg 1222w" sizes="auto, (max-width: 706px) 89vw, (max-width: 767px) 82vw, 740px" /></figure>
</figure>

<p>Ředitel Kontaktního pracoviště Úřadu práce ČR v&nbsp;Děčíně Rodilý Děčíňák, otec dvou dětí, vystudoval sociální práci, veřejnou a sociální politiku. V&nbsp;této oblasti se pohybuje celou svou pracovní kariéru. Absolvoval zahraniční stáže v&nbsp;Holandsku, Skotsku a Německu. Byl u prvopočátku nastavení přeshraniční spolupráce v&nbsp;rámci poskytování Evropských služeb zaměstnanosti. Působil jako člen pracovní skupiny Trh práce a zaměstnanost Paktu &hellip; </p>
<p class="link-more"><a href="https://www.nasdecin.cz/?page_id=116" class="more-link">Pokračovat ve čtení<span class="screen-reader-text"> &#8222;Mgr. Vlastislav Hlaváč&#8220;</span></a></p>
