{"id":106,"date":"2022-06-07T14:32:01","date_gmt":"2022-06-07T14:32:01","guid":{"rendered":"https:\/\/www.nasdecin.cz\/?page_id=106"},"modified":"2022-06-26T07:01:06","modified_gmt":"2022-06-26T07:01:06","slug":"mgr-et-bc-roman-struzinsky","status":"publish","type":"page","link":"https:\/\/www.nasdecin.cz\/?page_id=106","title":{"rendered":"Mgr. et Bc. Roman Stru\u017einsk\u00fd"},"content":{"rendered":"<div class=\"wp-block-image\">\n<figure class=\"aligncenter size-full is-resized\"><img loading=\"lazy\" decoding=\"async\" src=\"http:\/\/www.nasdecin.cz\/wp-content\/uploads\/2022\/06\/m-IMG_8912.jpg\" alt=\"\" class=\"wp-image-110\" width=\"371\" height=\"500\" srcset=\"https:\/\/www.nasdecin.cz\/wp-content\/uploads\/2022\/06\/m-IMG_8912.jpg 741w, https:\/\/www.nasdecin.cz\/wp-content\/uploads\/2022\/06\/m-IMG_8912-222x300.jpg 222w\" sizes=\"auto, (max-width: 371px) 100vw, 371px\" \/><figcaption>Roman Stru\u017einsk\u00fd<\/figcaption><\/figure>\n<\/div>\n\n\n<p>\u0158editel speci\u00e1ln\u00edch \u0161kol a speci\u00e1ln\u011b pedagogick\u00e9ho centra v&nbsp;D\u011b\u010d\u00edn\u011b, vysoko\u0161kolsk\u00fd pedagog, tren\u00e9r ml\u00e1de\u017ee, vedouc\u00ed N\u00edzkoprahov\u00e9ho za\u0159\u00edzen\u00ed pro d\u011bti a ml\u00e1de\u017e,&nbsp;<\/p>\n\n\n\n<p>D\u011b\u010d\u00ednsk\u00fd rod\u00e1k a patriot. Aktivn\u00ed sportovec, pro kter\u00e9ho je sport p\u0159edev\u0161\u00edm relaxac\u00ed a odpo\u010dinkem. Sou\u010dasn\u011b v&nbsp;n\u011bm vid\u00ed nezastupiteln\u00fd prost\u0159edek pro prevenci soci\u00e1ln\u00ed patologie, a tak se rozhodl pro studium tren\u00e9rstv\u00ed (A-licence UEFA), aby mohl p\u0159ed\u00e1vat nejen sportovn\u00ed zku\u0161enosti d\u00e1l. Jeho c\u00edlovou skupinou jsou p\u0159edev\u0161\u00edm d\u011bti a ml\u00e1de\u017e, co\u017e je u profesn\u011b celo\u017eivotn\u00edho u\u010ditele pom\u011brn\u011b logick\u00e9.<\/p>\n\n\n\n<p>Druhou z\u00e1sadn\u00ed oblast\u00ed, jen\u017e napl\u0148uje jeho profesn\u00ed i voln\u00fd \u010das, je proinkluzivn\u00ed pedagogika. Jako \u010dlen n\u011bkolika profesn\u00edch skupin a odborn\u00fd garant v&nbsp;projektech m\u011bsta se sna\u017e\u00ed o implementaci integrace d\u011bti se speci\u00e1ln\u00edmi vzd\u011bl\u00e1vac\u00edmi pot\u0159ebami v&nbsp;intenc\u00edch zdrav\u00e9ho rozumu a vyu\u017eit\u00ed \u0161kol coby komunitn\u00edch center.<\/p>\n\n\n\n<p>V&nbsp;p\u0159edchoz\u00edch obdob\u00edch byl p\u0159edsedou \u0161kolsk\u00e9 a sportovn\u00ed komise rady m\u011bsta. M\u00e1 r\u00e1d dobr\u00e9 j\u00eddlo a muziku, hraje na kytaru. Vztah ke sportu zd\u011bdil i jeho syn, kter\u00fd studuje t\u011blesnou v\u00fdchovu na pedagogick\u00e9 fakult\u011b&nbsp; a aktivn\u011b hraje fotbal. Ve voln\u00e9m \u010dase si r\u00e1d zajede s&nbsp;man\u017eelkou za p\u0159\u00e1teli do vinn\u00e9ho skl\u00edpku.<\/p>\n\n\n\n<p>Motto: Miluje Wericha, tak tedy:&nbsp;\u201eProti blbosti i bohov\u00e9 bojuj\u00ed marn\u011b.\u201c a \u201eLidi, bu\u010fte chytr\u00fd, blbejch je dost.\u201c<\/p>\n\n\n\n<p>Pro\u010d kandiduji: \u201eKandiduji proto, \u017ee jsem st\u00e1le p\u0159esv\u011bd\u010den, \u017ee komun\u00e1ln\u00ed politika se d\u00e1 d\u011blat slu\u0161n\u011b, s&nbsp;rozumem a pokorou v&nbsp;z\u00e1jmu D\u011b\u010d\u00edna. R\u016fzn\u00ed lid\u00e9 mohou m\u00edt r\u016fzn\u00e9 n\u00e1zory, ale m\u011bli by k&nbsp;sob\u011b z\u016fstat slu\u0161n\u00ed.\u201c<\/p>\n\n\n\n<figure class=\"wp-block-gallery has-nested-images columns-default is-cropped wp-block-gallery-1 is-layout-flex wp-block-gallery-is-layout-flex\">\n<figure class=\"wp-block-image size-large\"><img loading=\"lazy\" decoding=\"async\" width=\"1234\" height=\"1787\" data-id=\"107\" src=\"http:\/\/www.nasdecin.cz\/wp-content\/uploads\/2022\/06\/20190622_173943.jpg\" alt=\"\" class=\"wp-image-107\" srcset=\"https:\/\/www.nasdecin.cz\/wp-content\/uploads\/2022\/06\/20190622_173943.jpg 1234w, https:\/\/www.nasdecin.cz\/wp-content\/uploads\/2022\/06\/20190622_173943-207x300.jpg 207w, https:\/\/www.nasdecin.cz\/wp-content\/uploads\/2022\/06\/20190622_173943-707x1024.jpg 707w, https:\/\/www.nasdecin.cz\/wp-content\/uploads\/2022\/06\/20190622_173943-768x1112.jpg 768w, https:\/\/www.nasdecin.cz\/wp-content\/uploads\/2022\/06\/20190622_173943-1061x1536.jpg 1061w\" sizes=\"auto, (max-width: 706px) 89vw, (max-width: 767px) 82vw, 740px\" \/><\/figure>\n\n\n\n<figure class=\"wp-block-image size-large\"><img loading=\"lazy\" decoding=\"async\" width=\"1244\" height=\"2560\" data-id=\"108\" src=\"http:\/\/www.nasdecin.cz\/wp-content\/uploads\/2022\/06\/20190704_105415-scaled.jpg\" alt=\"\" class=\"wp-image-108\" srcset=\"https:\/\/www.nasdecin.cz\/wp-content\/uploads\/2022\/06\/20190704_105415-scaled.jpg 1244w, https:\/\/www.nasdecin.cz\/wp-content\/uploads\/2022\/06\/20190704_105415-146x300.jpg 146w, https:\/\/www.nasdecin.cz\/wp-content\/uploads\/2022\/06\/20190704_105415-498x1024.jpg 498w, https:\/\/www.nasdecin.cz\/wp-content\/uploads\/2022\/06\/20190704_105415-768x1580.jpg 768w, https:\/\/www.nasdecin.cz\/wp-content\/uploads\/2022\/06\/20190704_105415-747x1536.jpg 747w\" sizes=\"auto, (max-width: 706px) 89vw, (max-width: 767px) 82vw, 740px\" \/><\/figure>\n\n\n\n<figure class=\"wp-block-image size-large\"><img loading=\"lazy\" decoding=\"async\" width=\"1920\" height=\"2560\" data-id=\"109\" src=\"http:\/\/www.nasdecin.cz\/wp-content\/uploads\/2022\/06\/20210713_130535-scaled.jpg\" alt=\"\" class=\"wp-image-109\" srcset=\"https:\/\/www.nasdecin.cz\/wp-content\/uploads\/2022\/06\/20210713_130535-scaled.jpg 1920w, https:\/\/www.nasdecin.cz\/wp-content\/uploads\/2022\/06\/20210713_130535-225x300.jpg 225w, https:\/\/www.nasdecin.cz\/wp-content\/uploads\/2022\/06\/20210713_130535-768x1024.jpg 768w, https:\/\/www.nasdecin.cz\/wp-content\/uploads\/2022\/06\/20210713_130535-1152x1536.jpg 1152w, https:\/\/www.nasdecin.cz\/wp-content\/uploads\/2022\/06\/20210713_130535-1536x2048.jpg 1536w\" sizes=\"auto, (max-width: 706px) 89vw, (max-width: 767px) 82vw, 740px\" \/><\/figure>\n\n\n\n<figure class=\"wp-block-image size-large\"><img loading=\"lazy\" decoding=\"async\" width=\"368\" height=\"640\" data-id=\"111\" src=\"http:\/\/www.nasdecin.cz\/wp-content\/uploads\/2022\/06\/VideoCapture_20220602-133743.jpg\" alt=\"\" class=\"wp-image-111\" srcset=\"https:\/\/www.nasdecin.cz\/wp-content\/uploads\/2022\/06\/VideoCapture_20220602-133743.jpg 368w, https:\/\/www.nasdecin.cz\/wp-content\/uploads\/2022\/06\/VideoCapture_20220602-133743-173x300.jpg 173w\" sizes=\"auto, (max-width: 368px) 100vw, 368px\" \/><\/figure>\n\n\n\n<figure class=\"wp-block-image size-large\"><img loading=\"lazy\" decoding=\"async\" width=\"1280\" height=\"720\" data-id=\"112\" src=\"http:\/\/www.nasdecin.cz\/wp-content\/uploads\/2022\/06\/WIN_20220601_08_57_23_Pro.jpg\" alt=\"\" class=\"wp-image-112\" srcset=\"https:\/\/www.nasdecin.cz\/wp-content\/uploads\/2022\/06\/WIN_20220601_08_57_23_Pro.jpg 1280w, https:\/\/www.nasdecin.cz\/wp-content\/uploads\/2022\/06\/WIN_20220601_08_57_23_Pro-300x169.jpg 300w, https:\/\/www.nasdecin.cz\/wp-content\/uploads\/2022\/06\/WIN_20220601_08_57_23_Pro-1024x576.jpg 1024w, https:\/\/www.nasdecin.cz\/wp-content\/uploads\/2022\/06\/WIN_20220601_08_57_23_Pro-768x432.jpg 768w\" sizes=\"auto, (max-width: 706px) 89vw, (max-width: 767px) 82vw, 740px\" \/><\/figure>\n<\/figure>\n","protected":false},"excerpt":{"rendered":"<p>\u0158editel speci\u00e1ln\u00edch \u0161kol a speci\u00e1ln\u011b pedagogick\u00e9ho centra v&nbsp;D\u011b\u010d\u00edn\u011b, vysoko\u0161kolsk\u00fd pedagog, tren\u00e9r ml\u00e1de\u017ee, vedouc\u00ed N\u00edzkoprahov\u00e9ho za\u0159\u00edzen\u00ed pro d\u011bti a ml\u00e1de\u017e,&nbsp; D\u011b\u010d\u00ednsk\u00fd rod\u00e1k a patriot. Aktivn\u00ed sportovec, pro kter\u00e9ho je sport p\u0159edev\u0161\u00edm relaxac\u00ed a odpo\u010dinkem. Sou\u010dasn\u011b v&nbsp;n\u011bm vid\u00ed nezastupiteln\u00fd prost\u0159edek pro prevenci soci\u00e1ln\u00ed patologie, a tak se rozhodl pro studium tren\u00e9rstv\u00ed (A-licence UEFA), aby mohl p\u0159ed\u00e1vat nejen &hellip; <\/p>\n<p class=\"link-more\"><a href=\"https:\/\/www.nasdecin.cz\/?page_id=106\" class=\"more-link\">Pokra\u010dovat ve \u010dten\u00ed<span class=\"screen-reader-text\"> &#8222;Mgr. et Bc. Roman Stru\u017einsk\u00fd&#8220;<\/span><\/a><\/p>\n","protected":false},"author":1,"featured_media":0,"parent":0,"menu_order":0,"comment_status":"closed","ping_status":"closed","template":"","meta":{"_bbp_topic_count":0,"_bbp_reply_count":0,"_bbp_total_topic_count":0,"_bbp_total_reply_count":0,"_bbp_voice_count":0,"_bbp_anonymous_reply_count":0,"_bbp_topic_count_hidden":0,"_bbp_reply_count_hidden":0,"_bbp_forum_subforum_count":0,"footnotes":""},"class_list":["post-106","page","type-page","status-publish","hentry"],"_links":{"self":[{"href":"https:\/\/www.nasdecin.cz\/index.php?rest_route=\/wp\/v2\/pages\/106","targetHints":{"allow":["GET"]}}],"collection":[{"href":"https:\/\/www.nasdecin.cz\/index.php?rest_route=\/wp\/v2\/pages"}],"about":[{"href":"https:\/\/www.nasdecin.cz\/index.php?rest_route=\/wp\/v2\/types\/page"}],"author":[{"embeddable":true,"href":"https:\/\/www.nasdecin.cz\/index.php?rest_route=\/wp\/v2\/users\/1"}],"replies":[{"embeddable":true,"href":"https:\/\/www.nasdecin.cz\/index.php?rest_route=%2Fwp%2Fv2%2Fcomments&post=106"}],"version-history":[{"count":2,"href":"https:\/\/www.nasdecin.cz\/index.php?rest_route=\/wp\/v2\/pages\/106\/revisions"}],"predecessor-version":[{"id":171,"href":"https:\/\/www.nasdecin.cz\/index.php?rest_route=\/wp\/v2\/pages\/106\/revisions\/171"}],"wp:attachment":[{"href":"https:\/\/www.nasdecin.cz\/index.php?rest_route=%2Fwp%2Fv2%2Fmedia&parent=106"}],"curies":[{"name":"wp","href":"https:\/\/api.w.org\/{rel}","templated":true}]}}

Mgr. et Bc. Roman Stružinský

<div class="wp-block-image">
<figure class="aligncenter size-full is-resized"><img loading="lazy" decoding="async" src="http://www.nasdecin.cz/wp-content/uploads/2022/06/m-IMG_8912.jpg" alt="" class="wp-image-110" width="371" height="500" srcset="https://www.nasdecin.cz/wp-content/uploads/2022/06/m-IMG_8912.jpg 741w, https://www.nasdecin.cz/wp-content/uploads/2022/06/m-IMG_8912-222x300.jpg 222w" sizes="auto, (max-width: 371px) 100vw, 371px" /><figcaption>Roman Stružinský</figcaption></figure>
</div>


<p>Ředitel speciálních škol a speciálně pedagogického centra v&nbsp;Děčíně, vysokoškolský pedagog, trenér mládeže, vedoucí Nízkoprahového zařízení pro děti a mládež,&nbsp;</p>



<p>Děčínský rodák a patriot. Aktivní sportovec, pro kterého je sport především relaxací a odpočinkem. Současně v&nbsp;něm vidí nezastupitelný prostředek pro prevenci sociální patologie, a tak se rozhodl pro studium trenérství (A-licence UEFA), aby mohl předávat nejen sportovní zkušenosti dál. Jeho cílovou skupinou jsou především děti a mládež, což je u profesně celoživotního učitele poměrně logické.</p>



<p>Druhou zásadní oblastí, jenž naplňuje jeho profesní i volný čas, je proinkluzivní pedagogika. Jako člen několika profesních skupin a odborný garant v&nbsp;projektech města se snaží o implementaci integrace děti se speciálními vzdělávacími potřebami v&nbsp;intencích zdravého rozumu a využití škol coby komunitních center.</p>



<p>V&nbsp;předchozích obdobích byl předsedou školské a sportovní komise rady města. Má rád dobré jídlo a muziku, hraje na kytaru. Vztah ke sportu zdědil i jeho syn, který studuje tělesnou výchovu na pedagogické fakultě&nbsp; a aktivně hraje fotbal. Ve volném čase si rád zajede s&nbsp;manželkou za přáteli do vinného sklípku.</p>



<p>Motto: Miluje Wericha, tak tedy:&nbsp;„Proti blbosti i bohové bojují marně.“ a „Lidi, buďte chytrý, blbejch je dost.“</p>



<p>Proč kandiduji: „Kandiduji proto, že jsem stále přesvědčen, že komunální politika se dá dělat slušně, s&nbsp;rozumem a pokorou v&nbsp;zájmu Děčína. Různí lidé mohou mít různé názory, ale měli by k&nbsp;sobě zůstat slušní.“</p>



<figure class="wp-block-gallery has-nested-images columns-default is-cropped wp-block-gallery-1 is-layout-flex wp-block-gallery-is-layout-flex">
<figure class="wp-block-image size-large"><img loading="lazy" decoding="async" width="1234" height="1787" data-id="107" src="http://www.nasdecin.cz/wp-content/uploads/2022/06/20190622_173943.jpg" alt="" class="wp-image-107" srcset="https://www.nasdecin.cz/wp-content/uploads/2022/06/20190622_173943.jpg 1234w, https://www.nasdecin.cz/wp-content/uploads/2022/06/20190622_173943-207x300.jpg 207w, https://www.nasdecin.cz/wp-content/uploads/2022/06/20190622_173943-707x1024.jpg 707w, https://www.nasdecin.cz/wp-content/uploads/2022/06/20190622_173943-768x1112.jpg 768w, https://www.nasdecin.cz/wp-content/uploads/2022/06/20190622_173943-1061x1536.jpg 1061w" sizes="auto, (max-width: 706px) 89vw, (max-width: 767px) 82vw, 740px" /></figure>



<figure class="wp-block-image size-large"><img loading="lazy" decoding="async" width="1244" height="2560" data-id="108" src="http://www.nasdecin.cz/wp-content/uploads/2022/06/20190704_105415-scaled.jpg" alt="" class="wp-image-108" srcset="https://www.nasdecin.cz/wp-content/uploads/2022/06/20190704_105415-scaled.jpg 1244w, https://www.nasdecin.cz/wp-content/uploads/2022/06/20190704_105415-146x300.jpg 146w, https://www.nasdecin.cz/wp-content/uploads/2022/06/20190704_105415-498x1024.jpg 498w, https://www.nasdecin.cz/wp-content/uploads/2022/06/20190704_105415-768x1580.jpg 768w, https://www.nasdecin.cz/wp-content/uploads/2022/06/20190704_105415-747x1536.jpg 747w" sizes="auto, (max-width: 706px) 89vw, (max-width: 767px) 82vw, 740px" /></figure>



<figure class="wp-block-image size-large"><img loading="lazy" decoding="async" width="1920" height="2560" data-id="109" src="http://www.nasdecin.cz/wp-content/uploads/2022/06/20210713_130535-scaled.jpg" alt="" class="wp-image-109" srcset="https://www.nasdecin.cz/wp-content/uploads/2022/06/20210713_130535-scaled.jpg 1920w, https://www.nasdecin.cz/wp-content/uploads/2022/06/20210713_130535-225x300.jpg 225w, https://www.nasdecin.cz/wp-content/uploads/2022/06/20210713_130535-768x1024.jpg 768w, https://www.nasdecin.cz/wp-content/uploads/2022/06/20210713_130535-1152x1536.jpg 1152w, https://www.nasdecin.cz/wp-content/uploads/2022/06/20210713_130535-1536x2048.jpg 1536w" sizes="auto, (max-width: 706px) 89vw, (max-width: 767px) 82vw, 740px" /></figure>



<figure class="wp-block-image size-large"><img loading="lazy" decoding="async" width="368" height="640" data-id="111" src="http://www.nasdecin.cz/wp-content/uploads/2022/06/VideoCapture_20220602-133743.jpg" alt="" class="wp-image-111" srcset="https://www.nasdecin.cz/wp-content/uploads/2022/06/VideoCapture_20220602-133743.jpg 368w, https://www.nasdecin.cz/wp-content/uploads/2022/06/VideoCapture_20220602-133743-173x300.jpg 173w" sizes="auto, (max-width: 368px) 100vw, 368px" /></figure>



<figure class="wp-block-image size-large"><img loading="lazy" decoding="async" width="1280" height="720" data-id="112" src="http://www.nasdecin.cz/wp-content/uploads/2022/06/WIN_20220601_08_57_23_Pro.jpg" alt="" class="wp-image-112" srcset="https://www.nasdecin.cz/wp-content/uploads/2022/06/WIN_20220601_08_57_23_Pro.jpg 1280w, https://www.nasdecin.cz/wp-content/uploads/2022/06/WIN_20220601_08_57_23_Pro-300x169.jpg 300w, https://www.nasdecin.cz/wp-content/uploads/2022/06/WIN_20220601_08_57_23_Pro-1024x576.jpg 1024w, https://www.nasdecin.cz/wp-content/uploads/2022/06/WIN_20220601_08_57_23_Pro-768x432.jpg 768w" sizes="auto, (max-width: 706px) 89vw, (max-width: 767px) 82vw, 740px" /></figure>
</figure>

<p>Ředitel speciálních škol a speciálně pedagogického centra v&nbsp;Děčíně, vysokoškolský pedagog, trenér mládeže, vedoucí Nízkoprahového zařízení pro děti a mládež,&nbsp; Děčínský rodák a patriot. Aktivní sportovec, pro kterého je sport především relaxací a odpočinkem. Současně v&nbsp;něm vidí nezastupitelný prostředek pro prevenci sociální patologie, a tak se rozhodl pro studium trenérství (A-licence UEFA), aby mohl předávat nejen &hellip; </p>
<p class="link-more"><a href="https://www.nasdecin.cz/?page_id=106" class="more-link">Pokračovat ve čtení<span class="screen-reader-text"> &#8222;Mgr. et Bc. Roman Stružinský&#8220;</span></a></p>
